{"id":44835,"date":"2024-07-10T17:36:25","date_gmt":"2024-07-10T17:36:25","guid":{"rendered":"https:\/\/formacampus.cl\/?post_type=property&#038;p=44835"},"modified":"2024-12-11T01:54:13","modified_gmt":"2024-12-11T01:54:13","slug":"caracteristicas-y-necesidades-deatencion-higienico-sanitaria-de-laspersonas-dependientes","status":"publish","type":"property","link":"https:\/\/formacampus.cl\/?property=caracteristicas-y-necesidades-deatencion-higienico-sanitaria-de-laspersonas-dependientes","title":{"rendered":"Atenci\u00f3n Higi\u00e9nico-Sanitaria de las Personas Dependientes (75 horas)"},"content":{"rendered":"\n<p>OBJETIVOS<br><\/p>\n\n\n\n<ul>\n<li>Describir las principales caracter\u00edsticas y necesidades de atenci\u00f3n que presentan las personas dependientes y su<br>entorno, determinando las actitudes y valores que debe manifestar el profesional de atenci\u00f3n directa y las relaciones<br>con personas dependientes y su entorno.<\/li>\n\n\n\n<li>Relacionar los cambios biol\u00f3gicos, psicol\u00f3gicos y sociales propios de los colectivos de intervenci\u00f3n con las dificultades<br>que implican en el desenvolvimiento diario de la persona.<\/li>\n\n\n\n<li>Adaptar y aplicar t\u00e9cnicas de higiene personal y de preparaci\u00f3n de cama, en el domicilio, seleccionando los productos,<br>materiales y utensilios de uso com\u00fan, en funci\u00f3n del estado del usuario y del tipo de t\u00e9cnica.<\/li>\n<\/ul>\n\n\n\n<p><\/p>\n\n\n\n<p>PROGRAMA O MALLA CURRICULAR<\/p>\n\n\n\n<p><strong>UD1. Identificaci\u00f3n de las caracter\u00edsticas y necesidades de las personas dependientes<\/strong><br>1.1 Introducci\u00f3n.<br>1.2 El proceso de envejecimiento.<br>1.3 La enfermedad y la convalecencia.<br>1.4 Concepto de discapacidad.<br><strong>UD2. Delimitaci\u00f3n del \u00e1mbito de la atenci\u00f3n domiciliaria<\/strong><br>2.1 Introducci\u00f3n.<br>2.2 Apoyo a la unidad convivencial y ayuda a domicilio.<br>2.3 Servicios, programas y profesionales de atenci\u00f3n directa domiciliaria a personas dependientes: caracter\u00edsticas y estructura<br>funcional.<br>2.4 El equipo interdisciplinar y el papel profesional de atenci\u00f3n directa.<br>2.5 Uso de vocabulario b\u00e1sico de la atenci\u00f3n domiciliaria.<br>2.6 La observaci\u00f3n y el registro de la evoluci\u00f3n funcional y el desarrollo de actividades de atenci\u00f3n f\u00edsica.<br>2.7 T\u00e9cnicas e instrumentos de observaci\u00f3n aplicados a las situaciones domiciliarias.<br>2.8 Din\u00e1mica de la relaci\u00f3n de ayuda: adaptaci\u00f3n, dificultades, l\u00edmites y prevenci\u00f3n de riesgo psicol\u00f3gicos.<br><strong>2.9 Adaptaci\u00f3n integral de las personas. T\u00e9cnicas de humanizaci\u00f3n.<\/strong><br>2.10 Principios \u00e9ticos de la intervenci\u00f3n social con personas y colectivos con necesidades especiales. Actitudes y valores.<br>2.11 La intervenci\u00f3n en las situaciones del duelo.<br><strong>UD3. Aplicaci\u00f3n de t\u00e9cnicas de higiene y aseo de la persona dependiente<\/strong><br>3.1 Principios anatomofisiol\u00f3gicos del \u00f3rgano cut\u00e1neo.<br>3.2 Las funciones de la piel.<br>3.3 Patolog\u00edas m\u00e1s frecuentes.<br>3.4 Los fundamentos de la higiene corporal.<br>3.5 T\u00e9cnicas de aseo e higiene corporal seg\u00fan la tipolog\u00eda de ayuda a domicilio.<br>3.6 \u00dalcera por presi\u00f3n.<br>3.7 Cuidados del paciente incontinente y colostomizado.<br>3.8 Cuidados postmortem. Finalidad y preparaci\u00f3n del cad\u00e1ver.<br>3.9 Prevenci\u00f3n y control de infecciones. T\u00e9cnicas de limpieza y conservaci\u00f3n de pr\u00f3tesis.<\/p>\n\n\n\n<div class=\"is-layout-flex wp-block-buttons\">\n<div class=\"wp-block-button\"><a class=\"wp-block-button__link has-vivid-red-background-color has-background wp-element-button\" href=\"https:\/\/redcapacitacion.cl\/centro-pagos-recibir-curso.php?tipo=oferente&amp;id=7443&amp;moneda=clp&amp;subtipo=curso&amp;id_curso=16126&amp;monto=94700&amp;servicio=curso-oferente\" target=\"_blank\" rel=\"noreferrer noopener\">Compra este curso<\/a><\/div>\n<\/div>\n","protected":false},"excerpt":{"rendered":"<p>OBJETIVOS PROGRAMA O MALLA CURRICULAR UD1. Identificaci\u00f3n de las caracter\u00edsticas y necesidades de las personas dependientes1.1 Introducci\u00f3n.1.2 El proceso de envejecimiento.1.3 La enfermedad y la convalecencia.1.4 Concepto de discapacidad.UD2. Delimitaci\u00f3n del \u00e1mbito de la atenci\u00f3n domiciliaria2.1 Introducci\u00f3n.2.2 Apoyo a la unidad convivencial y ayuda a domicilio.2.3 Servicios, programas y profesionales de atenci\u00f3n directa domiciliaria a [&hellip;]<\/p>\n","protected":false},"author":1,"featured_media":44839,"parent":0,"menu_order":0,"template":"","property_type":[358],"property_status":[],"property_feature":[],"property_label":[],"property_country":[],"property_state":[359],"property_city":[440],"property_area":[],"aioseo_notices":[],"property_meta":{"_edit_lock":["1733882054:1"],"_edit_last":["1"],"fave_property_map":["0"],"fave_property_location":["25.68654,-80.431345,16"],"houzez_geolocation_lat":["25.68654"],"houzez_geolocation_long":["-80.431345"],"fave_property_map_street_view":["hide"],"fave_featured":["0"],"fave_loggedintoview":["0"],"fave_agent_display_option":["agent_info"],"fave_prop_homeslider":["no"],"fave_single_top_area":["global"],"fave_single_content_area":["global"],"_aioseo_title":[null],"_aioseo_description":[null],"_aioseo_keywords":[""],"_aioseo_og_title":[null],"_aioseo_og_description":[null],"_aioseo_og_article_section":[""],"_aioseo_og_article_tags":[""],"_aioseo_twitter_title":[null],"_aioseo_twitter_description":[null],"_monsterinsights_sitenote_active":["0"],"om_disable_all_campaigns":[""],"houzez_manual_expire":["0"],"_houzez_expiration_date_status":["saved"],"houzez_total_property_views":["177"],"houzez_views_by_date":["a:61:{s:10:\"05-22-2025\";i:1;s:10:\"05-30-2025\";i:1;s:10:\"06-01-2025\";i:1;s:10:\"06-09-2025\";i:1;s:10:\"06-16-2025\";i:1;s:10:\"06-24-2025\";i:1;s:10:\"06-27-2025\";i:1;s:10:\"07-06-2025\";i:1;s:10:\"07-12-2025\";i:1;s:10:\"07-21-2025\";i:1;s:10:\"07-28-2025\";i:1;s:10:\"08-02-2025\";i:1;s:10:\"08-07-2025\";i:1;s:10:\"08-18-2025\";i:1;s:10:\"08-24-2025\";i:1;s:10:\"09-02-2025\";i:1;s:10:\"09-04-2025\";i:1;s:10:\"09-10-2025\";i:1;s:10:\"09-16-2025\";i:1;s:10:\"09-23-2025\";i:1;s:10:\"09-27-2025\";i:1;s:10:\"10-01-2025\";i:2;s:10:\"10-07-2025\";i:1;s:10:\"10-08-2025\";i:1;s:10:\"10-11-2025\";i:1;s:10:\"10-12-2025\";i:1;s:10:\"10-16-2025\";i:1;s:10:\"10-17-2025\";i:2;s:10:\"10-23-2025\";i:1;s:10:\"10-26-2025\";i:1;s:10:\"10-27-2025\";i:2;s:10:\"10-28-2025\";i:1;s:10:\"11-08-2025\";i:1;s:10:\"11-09-2025\";i:1;s:10:\"11-17-2025\";i:1;s:10:\"12-06-2025\";i:1;s:10:\"12-14-2025\";i:1;s:10:\"12-16-2025\";i:1;s:10:\"12-17-2025\";i:1;s:10:\"12-19-2025\";i:1;s:10:\"12-30-2025\";i:3;s:10:\"01-10-2026\";i:1;s:10:\"01-14-2026\";i:1;s:10:\"01-22-2026\";i:1;s:10:\"01-24-2026\";i:1;s:10:\"01-26-2026\";i:1;s:10:\"01-31-2026\";i:1;s:10:\"02-09-2026\";i:1;s:10:\"02-17-2026\";i:1;s:10:\"02-26-2026\";i:1;s:10:\"03-02-2026\";i:1;s:10:\"03-06-2026\";i:1;s:10:\"03-11-2026\";i:1;s:10:\"03-12-2026\";i:1;s:10:\"03-19-2026\";i:1;s:10:\"03-27-2026\";i:2;s:10:\"03-31-2026\";i:2;s:10:\"04-02-2026\";i:1;s:10:\"04-09-2026\";i:1;s:10:\"04-18-2026\";i:1;s:10:\"04-25-2026\";i:1;}"],"houzez_recently_viewed":["2026-04-25 20:26:30"],"_thumbnail_id":["44839"],"fave_agents":["156"],"fave_property_images":["44839"]},"_links":{"self":[{"href":"https:\/\/formacampus.cl\/index.php?rest_route=\/wp\/v2\/properties\/44835"}],"collection":[{"href":"https:\/\/formacampus.cl\/index.php?rest_route=\/wp\/v2\/properties"}],"about":[{"href":"https:\/\/formacampus.cl\/index.php?rest_route=\/wp\/v2\/types\/property"}],"author":[{"embeddable":true,"href":"https:\/\/formacampus.cl\/index.php?rest_route=\/wp\/v2\/users\/1"}],"version-history":[{"count":7,"href":"https:\/\/formacampus.cl\/index.php?rest_route=\/wp\/v2\/properties\/44835\/revisions"}],"predecessor-version":[{"id":44926,"href":"https:\/\/formacampus.cl\/index.php?rest_route=\/wp\/v2\/properties\/44835\/revisions\/44926"}],"wp:featuredmedia":[{"embeddable":true,"href":"https:\/\/formacampus.cl\/index.php?rest_route=\/wp\/v2\/media\/44839"}],"wp:attachment":[{"href":"https:\/\/formacampus.cl\/index.php?rest_route=%2Fwp%2Fv2%2Fmedia&parent=44835"}],"wp:term":[{"taxonomy":"property_type","embeddable":true,"href":"https:\/\/formacampus.cl\/index.php?rest_route=%2Fwp%2Fv2%2Fproperty_type&post=44835"},{"taxonomy":"property_status","embeddable":true,"href":"https:\/\/formacampus.cl\/index.php?rest_route=%2Fwp%2Fv2%2Fproperty_status&post=44835"},{"taxonomy":"property_feature","embeddable":true,"href":"https:\/\/formacampus.cl\/index.php?rest_route=%2Fwp%2Fv2%2Fproperty_feature&post=44835"},{"taxonomy":"property_label","embeddable":true,"href":"https:\/\/formacampus.cl\/index.php?rest_route=%2Fwp%2Fv2%2Fproperty_label&post=44835"},{"taxonomy":"property_country","embeddable":true,"href":"https:\/\/formacampus.cl\/index.php?rest_route=%2Fwp%2Fv2%2Fproperty_country&post=44835"},{"taxonomy":"property_state","embeddable":true,"href":"https:\/\/formacampus.cl\/index.php?rest_route=%2Fwp%2Fv2%2Fproperty_state&post=44835"},{"taxonomy":"property_city","embeddable":true,"href":"https:\/\/formacampus.cl\/index.php?rest_route=%2Fwp%2Fv2%2Fproperty_city&post=44835"},{"taxonomy":"property_area","embeddable":true,"href":"https:\/\/formacampus.cl\/index.php?rest_route=%2Fwp%2Fv2%2Fproperty_area&post=44835"}],"curies":[{"name":"wp","href":"https:\/\/api.w.org\/{rel}","templated":true}]}}

Atención Higiénico-Sanitaria de las Personas Dependientes (75 horas)

<p>OBJETIVOS<br></p>



<ul>
<li>Describir las principales características y necesidades de atención que presentan las personas dependientes y su<br>entorno, determinando las actitudes y valores que debe manifestar el profesional de atención directa y las relaciones<br>con personas dependientes y su entorno.</li>



<li>Relacionar los cambios biológicos, psicológicos y sociales propios de los colectivos de intervención con las dificultades<br>que implican en el desenvolvimiento diario de la persona.</li>



<li>Adaptar y aplicar técnicas de higiene personal y de preparación de cama, en el domicilio, seleccionando los productos,<br>materiales y utensilios de uso común, en función del estado del usuario y del tipo de técnica.</li>
</ul>



<p></p>



<p>PROGRAMA O MALLA CURRICULAR</p>



<p><strong>UD1. Identificación de las características y necesidades de las personas dependientes</strong><br>1.1 Introducción.<br>1.2 El proceso de envejecimiento.<br>1.3 La enfermedad y la convalecencia.<br>1.4 Concepto de discapacidad.<br><strong>UD2. Delimitación del ámbito de la atención domiciliaria</strong><br>2.1 Introducción.<br>2.2 Apoyo a la unidad convivencial y ayuda a domicilio.<br>2.3 Servicios, programas y profesionales de atención directa domiciliaria a personas dependientes: características y estructura<br>funcional.<br>2.4 El equipo interdisciplinar y el papel profesional de atención directa.<br>2.5 Uso de vocabulario básico de la atención domiciliaria.<br>2.6 La observación y el registro de la evolución funcional y el desarrollo de actividades de atención física.<br>2.7 Técnicas e instrumentos de observación aplicados a las situaciones domiciliarias.<br>2.8 Dinámica de la relación de ayuda: adaptación, dificultades, límites y prevención de riesgo psicológicos.<br><strong>2.9 Adaptación integral de las personas. Técnicas de humanización.</strong><br>2.10 Principios éticos de la intervención social con personas y colectivos con necesidades especiales. Actitudes y valores.<br>2.11 La intervención en las situaciones del duelo.<br><strong>UD3. Aplicación de técnicas de higiene y aseo de la persona dependiente</strong><br>3.1 Principios anatomofisiológicos del órgano cutáneo.<br>3.2 Las funciones de la piel.<br>3.3 Patologías más frecuentes.<br>3.4 Los fundamentos de la higiene corporal.<br>3.5 Técnicas de aseo e higiene corporal según la tipología de ayuda a domicilio.<br>3.6 Úlcera por presión.<br>3.7 Cuidados del paciente incontinente y colostomizado.<br>3.8 Cuidados postmortem. Finalidad y preparación del cadáver.<br>3.9 Prevención y control de infecciones. Técnicas de limpieza y conservación de prótesis.</p>



<div class="is-layout-flex wp-block-buttons">
<div class="wp-block-button"><a class="wp-block-button__link has-vivid-red-background-color has-background wp-element-button" href="https://redcapacitacion.cl/centro-pagos-recibir-curso.php?tipo=oferente&amp;id=7443&amp;moneda=clp&amp;subtipo=curso&amp;id_curso=16126&amp;monto=94700&amp;servicio=curso-oferente" target="_blank" rel="noreferrer noopener">Compra este curso</a></div>
</div>

<p>OBJETIVOS PROGRAMA O MALLA CURRICULAR UD1. Identificación de las características y necesidades de las personas dependientes1.1 Introducción.1.2 El proceso de envejecimiento.1.3 La enfermedad y la convalecencia.1.4 Concepto de discapacidad.UD2. Delimitación del ámbito de la atención domiciliaria2.1 Introducción.2.2 Apoyo a la unidad convivencial y ayuda a domicilio.2.3 Servicios, programas y profesionales de atención directa domiciliaria a [&hellip;]</p>
