{"id":44371,"date":"2022-12-27T23:52:26","date_gmt":"2022-12-27T23:52:26","guid":{"rendered":"https:\/\/formacampus.cl\/?post_type=property&#038;p=44371"},"modified":"2024-08-20T19:44:06","modified_gmt":"2024-08-20T19:44:06","slug":"interaccion-personal-25-hrs","status":"publish","type":"property","link":"https:\/\/formacampus.cl\/?property=interaccion-personal-25-hrs","title":{"rendered":"INTERACCI\u00d3N PERSONAL \u00a0(25 hrs)"},"content":{"rendered":"\n<p><strong>visi\u00f3n general \/objetivos<\/strong><\/p>\n\n\n\n<ul>\n<li>Conocer las diferencias entre la inteligencia intrapersonal e interpersonal<\/li>\n\n\n\n<li>Aprender a hacernos las preguntas adecuadas para conocer nuestro di\u00e1logo interno<\/li>\n\n\n\n<li>Conocer la diferencia entre la exigencia y la superaci\u00f3n<\/li>\n\n\n\n<li>Comprender la influencia de las necesidades en nuestras emociones y pensamientos<\/li>\n\n\n\n<li>Saber los beneficios de la psicolog\u00eda positiva<\/li>\n\n\n\n<li>Conocer el an\u00e1lisis transaccional<\/li>\n\n\n\n<li>Saber cu\u00e1les son las interacciones de comunicaci\u00f3n disfuncionales y funcionales con los dem\u00e1s<\/li>\n\n\n\n<li>Ayudarnos a conocer c\u00f3mo nos relacionamos con los dem\u00e1s<\/li>\n\n\n\n<li>Conocer nuestra din\u00e1mica predominante en la comunicaci\u00f3n&nbsp;<\/li>\n\n\n\n<li>Tener conocimiento de la comunicaci\u00f3n no verbal<\/li>\n\n\n\n<li>Saber c\u00f3mo podemos facilitar la comunicaci\u00f3n&nbsp;<\/li>\n\n\n\n<li>C\u00f3mo el estar en contacto con nuestras emociones facilita la interacci\u00f3n intra e interpersonal.<\/li>\n\n\n\n<li>Ser consciente del impacto de las tecnolog\u00edas de la informaci\u00f3n y comunicaci\u00f3n en la interacci\u00f3n personal<\/li>\n\n\n\n<li>La importancia de desarrollar la empat\u00eda en relaci\u00f3n a la interacci\u00f3n personal<\/li>\n\n\n\n<li>Comprender c\u00f3mo la asertividad es clave en la interacci\u00f3n personal<\/li>\n\n\n\n<li>Maneras de desarrollar esta habilidad<\/li>\n\n\n\n<li>Acciones que bloquean la empat\u00eda<\/li>\n\n\n\n<li>La relaci\u00f3n de la empat\u00eda con la resiliencia<\/li>\n\n\n\n<li>Comprender la relaci\u00f3n de la escucha con la mejora de nuestra interacci\u00f3n personal<\/li>\n\n\n\n<li>Conocer los diferentes niveles de escucha<\/li>\n\n\n\n<li>Saber cu\u00e1les son las barrearas de la escucha activa<\/li>\n\n\n\n<li>C\u00f3mo fomentar la escucha en las organizaciones<\/li>\n<\/ul>\n\n\n\n<p><strong>programa o curriculum&nbsp;<\/strong><\/p>\n\n\n\n<p><br><strong>UD1. Adentr\u00e1ndonos en la interacci\u00f3n personal<\/strong><\/p>\n\n\n\n<p>1.1. Personas en constante interacci\u00f3n<\/p>\n\n\n\n<p>1.2. El di\u00e1logo interno<\/p>\n\n\n\n<p>1.3. Malos h\u00e1bitos en la interacci\u00f3n intrapersonal<\/p>\n\n\n\n<p>1.3.1. Perfeccionismo vs Superaci\u00f3n<\/p>\n\n\n\n<p>1.3.2. Cr\u00edtica interna<\/p>\n\n\n\n<p>1.3.3. Miedos<\/p>\n\n\n\n<p>1.3.4. Juicios<\/p>\n\n\n\n<p>1.3.5. La \u201cno\u201d escucha<\/p>\n\n\n\n<p>1.3.6. Queja<\/p>\n\n\n\n<p>1.4. La psicolog\u00eda positiva<\/p>\n\n\n\n<p>1.5. Bases del an\u00e1lisis transaccional<\/p>\n\n\n\n<p><strong>UD2. Aspectos claves de la comunicaci\u00f3n<\/strong><\/p>\n\n\n\n<p>2.1. El impacto de las tecnolog\u00edas en la interacci\u00f3n personal<\/p>\n\n\n\n<p>2.1.1. Interacci\u00f3n personal y tecnolog\u00eda en entornos laborales<\/p>\n\n\n\n<p>2.2. El lenguaje corporal<\/p>\n\n\n\n<p>2.3. Modelos de comunicaci\u00f3n<\/p>\n\n\n\n<p>2.4. Peticiones y demandas<\/p>\n\n\n\n<p>2.5. Facilitadores y bloqueadores de la comunicaci\u00f3n<\/p>\n\n\n\n<p>2.5.1. Saber decir y escuchar \u201cno\u201d<\/p>\n\n\n\n<p>2.6. Gesti\u00f3n emocional<\/p>\n\n\n\n<p><strong>UD3. Habilidades superiores de la comunicaci\u00f3n interpersonal: Asertividad y empat\u00eda<\/strong><\/p>\n\n\n\n<p>3.1. Asertividad.<\/p>\n\n\n\n<p>3.2. El ser humano necesita empat\u00eda<\/p>\n\n\n\n<p>3.3. La empat\u00eda y la resiliencia<\/p>\n\n\n\n<p>3.3.1. \u00bfQu\u00e9 bloquea el desarrollo de la empat\u00eda?<\/p>\n\n\n\n<p>3.4. El papel de la empat\u00eda en el di\u00e1logo<\/p>\n\n\n\n<p>3.4.1. La pr\u00e1ctica de la empat\u00eda<\/p>\n\n\n\n<p>3.4.2. Desarrollar la empat\u00eda<\/p>\n\n\n\n<p><strong>UD4. Habilidades superiores de la comunicaci\u00f3n interpersonal: La escucha<\/strong><\/p>\n\n\n\n<p>4.1. Comprender para ser comprendido<\/p>\n\n\n\n<p>4.2. Variables asociadas a la escucha activa<\/p>\n\n\n\n<p>4.3. C\u00f3mo aplicar la escucha emp\u00e1tica<\/p>\n\n\n\n<p>4.3.1. Condiciones por parte del emisor y del receptor<\/p>\n\n\n\n<p>4.3.2. El desarrollo de la respuesta emp\u00e1tica<\/p>\n\n\n\n<p>4.4. Cuando los dem\u00e1s no escuchan.<\/p>\n\n\n\n<hr class=\"wp-block-separator has-alpha-channel-opacity\"\/>\n\n\n\n<div class=\"is-layout-flex wp-block-buttons\">\n<div class=\"wp-block-button has-custom-width wp-block-button__width-50\"><a class=\"wp-block-button__link has-background wp-element-button\" href=\"https:\/\/www.sumar.cl\/_asesoriasacademicas\/ficha\/48264\" style=\"background-color:#0d4d74\">Comprar cursos<\/a><\/div>\n<\/div>\n","protected":false},"excerpt":{"rendered":"<p>visi\u00f3n general \/objetivos programa o curriculum&nbsp; UD1. Adentr\u00e1ndonos en la interacci\u00f3n personal 1.1. Personas en constante interacci\u00f3n 1.2. El di\u00e1logo interno 1.3. Malos h\u00e1bitos en la interacci\u00f3n intrapersonal 1.3.1. Perfeccionismo vs Superaci\u00f3n 1.3.2. Cr\u00edtica interna 1.3.3. Miedos 1.3.4. Juicios 1.3.5. La \u201cno\u201d escucha 1.3.6. Queja 1.4. La psicolog\u00eda positiva 1.5. Bases del an\u00e1lisis transaccional UD2. [&hellip;]<\/p>\n","protected":false},"author":1,"featured_media":44363,"parent":0,"menu_order":0,"template":"","property_type":[358],"property_status":[],"property_feature":[],"property_label":[],"property_country":[],"property_state":[],"property_city":[269],"property_area":[],"aioseo_notices":[],"property_meta":{"_edit_lock":["1724183047:1"],"_thumbnail_id":["44363"],"_edit_last":["1"],"fave_property_price":["37300"],"fave_property_map":["0"],"fave_property_location":["25.68654,-80.431345,11"],"houzez_geolocation_lat":["25.68654"],"houzez_geolocation_long":["-80.431345"],"fave_property_map_street_view":["hide"],"fave_featured":["0"],"fave_loggedintoview":["0"],"fave_agent_display_option":["agent_info"],"fave_prop_homeslider":["no"],"fave_single_top_area":["global"],"fave_single_content_area":["global"],"_aioseo_title":[null],"_aioseo_description":[null],"_aioseo_keywords":[""],"_aioseo_og_title":[null],"_aioseo_og_description":[null],"_aioseo_og_article_section":[""],"_aioseo_og_article_tags":[""],"_aioseo_twitter_title":[null],"_aioseo_twitter_description":[null],"om_disable_all_campaigns":[""],"houzez_manual_expire":["0"],"_houzez_expiration_date_status":["saved"],"houzez_total_property_views":["223"],"houzez_views_by_date":["a:61:{s:10:\"06-26-2025\";i:1;s:10:\"07-03-2025\";i:2;s:10:\"07-11-2025\";i:1;s:10:\"07-18-2025\";i:1;s:10:\"07-19-2025\";i:1;s:10:\"07-25-2025\";i:1;s:10:\"07-30-2025\";i:3;s:10:\"07-31-2025\";i:1;s:10:\"08-02-2025\";i:1;s:10:\"08-05-2025\";i:1;s:10:\"08-06-2025\";i:1;s:10:\"08-14-2025\";i:1;s:10:\"08-20-2025\";i:1;s:10:\"08-27-2025\";i:1;s:10:\"09-04-2025\";i:1;s:10:\"09-11-2025\";i:1;s:10:\"09-16-2025\";i:1;s:10:\"09-23-2025\";i:1;s:10:\"09-30-2025\";i:2;s:10:\"10-02-2025\";i:1;s:10:\"10-09-2025\";i:1;s:10:\"10-16-2025\";i:2;s:10:\"10-23-2025\";i:1;s:10:\"10-30-2025\";i:1;s:10:\"11-03-2025\";i:1;s:10:\"11-07-2025\";i:1;s:10:\"11-08-2025\";i:1;s:10:\"11-12-2025\";i:1;s:10:\"11-14-2025\";i:1;s:10:\"11-22-2025\";i:1;s:10:\"12-05-2025\";i:1;s:10:\"12-12-2025\";i:1;s:10:\"12-18-2025\";i:1;s:10:\"12-25-2025\";i:1;s:10:\"01-01-2026\";i:1;s:10:\"01-08-2026\";i:1;s:10:\"01-13-2026\";i:1;s:10:\"01-20-2026\";i:1;s:10:\"01-21-2026\";i:1;s:10:\"01-24-2026\";i:1;s:10:\"01-26-2026\";i:3;s:10:\"01-27-2026\";i:2;s:10:\"01-28-2026\";i:3;s:10:\"02-05-2026\";i:1;s:10:\"02-12-2026\";i:1;s:10:\"02-19-2026\";i:1;s:10:\"02-26-2026\";i:1;s:10:\"03-02-2026\";i:1;s:10:\"03-05-2026\";i:1;s:10:\"03-12-2026\";i:2;s:10:\"03-18-2026\";i:1;s:10:\"03-26-2026\";i:1;s:10:\"03-27-2026\";i:1;s:10:\"03-30-2026\";i:1;s:10:\"03-31-2026\";i:2;s:10:\"04-01-2026\";i:2;s:10:\"04-07-2026\";i:1;s:10:\"04-13-2026\";i:1;s:10:\"04-20-2026\";i:1;s:10:\"04-27-2026\";i:1;s:10:\"04-29-2026\";i:1;}"],"houzez_recently_viewed":["2026-04-29 22:17:06"],"fave_agents":["156"],"fave_property_images":["44363"],"_monsterinsights_sitenote_active":["0"]},"_links":{"self":[{"href":"https:\/\/formacampus.cl\/index.php?rest_route=\/wp\/v2\/properties\/44371"}],"collection":[{"href":"https:\/\/formacampus.cl\/index.php?rest_route=\/wp\/v2\/properties"}],"about":[{"href":"https:\/\/formacampus.cl\/index.php?rest_route=\/wp\/v2\/types\/property"}],"author":[{"embeddable":true,"href":"https:\/\/formacampus.cl\/index.php?rest_route=\/wp\/v2\/users\/1"}],"version-history":[{"count":3,"href":"https:\/\/formacampus.cl\/index.php?rest_route=\/wp\/v2\/properties\/44371\/revisions"}],"predecessor-version":[{"id":44506,"href":"https:\/\/formacampus.cl\/index.php?rest_route=\/wp\/v2\/properties\/44371\/revisions\/44506"}],"wp:featuredmedia":[{"embeddable":true,"href":"https:\/\/formacampus.cl\/index.php?rest_route=\/wp\/v2\/media\/44363"}],"wp:attachment":[{"href":"https:\/\/formacampus.cl\/index.php?rest_route=%2Fwp%2Fv2%2Fmedia&parent=44371"}],"wp:term":[{"taxonomy":"property_type","embeddable":true,"href":"https:\/\/formacampus.cl\/index.php?rest_route=%2Fwp%2Fv2%2Fproperty_type&post=44371"},{"taxonomy":"property_status","embeddable":true,"href":"https:\/\/formacampus.cl\/index.php?rest_route=%2Fwp%2Fv2%2Fproperty_status&post=44371"},{"taxonomy":"property_feature","embeddable":true,"href":"https:\/\/formacampus.cl\/index.php?rest_route=%2Fwp%2Fv2%2Fproperty_feature&post=44371"},{"taxonomy":"property_label","embeddable":true,"href":"https:\/\/formacampus.cl\/index.php?rest_route=%2Fwp%2Fv2%2Fproperty_label&post=44371"},{"taxonomy":"property_country","embeddable":true,"href":"https:\/\/formacampus.cl\/index.php?rest_route=%2Fwp%2Fv2%2Fproperty_country&post=44371"},{"taxonomy":"property_state","embeddable":true,"href":"https:\/\/formacampus.cl\/index.php?rest_route=%2Fwp%2Fv2%2Fproperty_state&post=44371"},{"taxonomy":"property_city","embeddable":true,"href":"https:\/\/formacampus.cl\/index.php?rest_route=%2Fwp%2Fv2%2Fproperty_city&post=44371"},{"taxonomy":"property_area","embeddable":true,"href":"https:\/\/formacampus.cl\/index.php?rest_route=%2Fwp%2Fv2%2Fproperty_area&post=44371"}],"curies":[{"name":"wp","href":"https:\/\/api.w.org\/{rel}","templated":true}]}}

INTERACCIÓN PERSONAL  (25 hrs)

<p><strong>visión general /objetivos</strong></p>



<ul>
<li>Conocer las diferencias entre la inteligencia intrapersonal e interpersonal</li>



<li>Aprender a hacernos las preguntas adecuadas para conocer nuestro diálogo interno</li>



<li>Conocer la diferencia entre la exigencia y la superación</li>



<li>Comprender la influencia de las necesidades en nuestras emociones y pensamientos</li>



<li>Saber los beneficios de la psicología positiva</li>



<li>Conocer el análisis transaccional</li>



<li>Saber cuáles son las interacciones de comunicación disfuncionales y funcionales con los demás</li>



<li>Ayudarnos a conocer cómo nos relacionamos con los demás</li>



<li>Conocer nuestra dinámica predominante en la comunicación&nbsp;</li>



<li>Tener conocimiento de la comunicación no verbal</li>



<li>Saber cómo podemos facilitar la comunicación&nbsp;</li>



<li>Cómo el estar en contacto con nuestras emociones facilita la interacción intra e interpersonal.</li>



<li>Ser consciente del impacto de las tecnologías de la información y comunicación en la interacción personal</li>



<li>La importancia de desarrollar la empatía en relación a la interacción personal</li>



<li>Comprender cómo la asertividad es clave en la interacción personal</li>



<li>Maneras de desarrollar esta habilidad</li>



<li>Acciones que bloquean la empatía</li>



<li>La relación de la empatía con la resiliencia</li>



<li>Comprender la relación de la escucha con la mejora de nuestra interacción personal</li>



<li>Conocer los diferentes niveles de escucha</li>



<li>Saber cuáles son las barrearas de la escucha activa</li>



<li>Cómo fomentar la escucha en las organizaciones</li>
</ul>



<p><strong>programa o curriculum&nbsp;</strong></p>



<p><br><strong>UD1. Adentrándonos en la interacción personal</strong></p>



<p>1.1. Personas en constante interacción</p>



<p>1.2. El diálogo interno</p>



<p>1.3. Malos hábitos en la interacción intrapersonal</p>



<p>1.3.1. Perfeccionismo vs Superación</p>



<p>1.3.2. Crítica interna</p>



<p>1.3.3. Miedos</p>



<p>1.3.4. Juicios</p>



<p>1.3.5. La “no” escucha</p>



<p>1.3.6. Queja</p>



<p>1.4. La psicología positiva</p>



<p>1.5. Bases del análisis transaccional</p>



<p><strong>UD2. Aspectos claves de la comunicación</strong></p>



<p>2.1. El impacto de las tecnologías en la interacción personal</p>



<p>2.1.1. Interacción personal y tecnología en entornos laborales</p>



<p>2.2. El lenguaje corporal</p>



<p>2.3. Modelos de comunicación</p>



<p>2.4. Peticiones y demandas</p>



<p>2.5. Facilitadores y bloqueadores de la comunicación</p>



<p>2.5.1. Saber decir y escuchar “no”</p>



<p>2.6. Gestión emocional</p>



<p><strong>UD3. Habilidades superiores de la comunicación interpersonal: Asertividad y empatía</strong></p>



<p>3.1. Asertividad.</p>



<p>3.2. El ser humano necesita empatía</p>



<p>3.3. La empatía y la resiliencia</p>



<p>3.3.1. ¿Qué bloquea el desarrollo de la empatía?</p>



<p>3.4. El papel de la empatía en el diálogo</p>



<p>3.4.1. La práctica de la empatía</p>



<p>3.4.2. Desarrollar la empatía</p>



<p><strong>UD4. Habilidades superiores de la comunicación interpersonal: La escucha</strong></p>



<p>4.1. Comprender para ser comprendido</p>



<p>4.2. Variables asociadas a la escucha activa</p>



<p>4.3. Cómo aplicar la escucha empática</p>



<p>4.3.1. Condiciones por parte del emisor y del receptor</p>



<p>4.3.2. El desarrollo de la respuesta empática</p>



<p>4.4. Cuando los demás no escuchan.</p>



<hr class="wp-block-separator has-alpha-channel-opacity"/>



<div class="is-layout-flex wp-block-buttons">
<div class="wp-block-button has-custom-width wp-block-button__width-50"><a class="wp-block-button__link has-background wp-element-button" href="https://www.sumar.cl/_asesoriasacademicas/ficha/48264" style="background-color:#0d4d74">Comprar cursos</a></div>
</div>

<p>visión general /objetivos programa o curriculum&nbsp; UD1. Adentrándonos en la interacción personal 1.1. Personas en constante interacción 1.2. El diálogo interno 1.3. Malos hábitos en la interacción intrapersonal 1.3.1. Perfeccionismo vs Superación 1.3.2. Crítica interna 1.3.3. Miedos 1.3.4. Juicios 1.3.5. La “no” escucha 1.3.6. Queja 1.4. La psicología positiva 1.5. Bases del análisis transaccional UD2. [&hellip;]</p>
