{"id":44295,"date":"2022-12-26T19:29:05","date_gmt":"2022-12-26T19:29:05","guid":{"rendered":"https:\/\/formacampus.cl\/?post_type=property&#038;p=44295"},"modified":"2023-01-16T18:20:26","modified_gmt":"2023-01-16T18:20:26","slug":"aleman-preparacion-de-examen-b1-100-horas","status":"publish","type":"property","link":"https:\/\/formacampus.cl\/?property=aleman-preparacion-de-examen-b1-100-horas","title":{"rendered":"ALEMAN PREPARACI\u00d3N DE EXAMEN B1 \u2013 100 horas"},"content":{"rendered":"\n<p><strong>Visi\u00f3n general \/Objetivos<\/strong><\/p>\n\n\n\n<ul>\n<li>Sean capaces de sacarle partido a un repertorio amplio pero sencillo de vocabulario, estructuras y f\u00f3rmulas aprendidas;<\/li>\n\n\n\n<li>Pongan en juego los conocimientos generales del mundo hispano (referentes culturales, normas y convenciones de car\u00e1cter sociocultural) que necesitan para desenvolverse en las diferentes transacciones en las que participan;&nbsp;<\/li>\n\n\n\n<li>Se comuniquen adecuadamente en un registro neutro, aunque con suficiente flexibilidad como para adaptarse a diferentes situaciones;<\/li>\n\n\n\n<li>Se expresen con razonable correcci\u00f3n, aunque vacilen o hagan pausas para pensar lo que van a decir y cometan errores (especialmente de pronunciaci\u00f3n) sobre todo en situaciones imprevistas y de cierta tensi\u00f3n;<\/li>\n\n\n\n<li>Sepan c\u00f3mo pedir a alguien que aclare o desarrolle lo que acaba de decir;<\/li>\n\n\n\n<li>Sean capaces de realizar las transacciones que se requieren en la organizaci\u00f3n de un viaje o durante su desarrollo o en situaciones menos habituales en comercios, agencias de alquiler de coches, oficinas de correos, bancos, etc.;<\/li>\n\n\n\n<li>Sean capaces de plantear quejas y de relatar detalles de situaciones imprevistas (robos, accidentes, etc.).<\/li>\n<\/ul>\n\n\n\n<p><strong>Programa o Malla&nbsp;<\/strong><\/p>\n\n\n\n<p><strong>UD1. Auf und davon \/ marcharse.<\/strong><\/p>\n\n\n\n<p>1.1. Erinnerungen.<br>1.2. Junge leute und ihr weg in die zukunft.<br>1.3. Warum wir ins ausland gehen.<br>1.4. Einen aufenthalt im ausland planen.<br>1.5. Grammatik: kausals\u00e4tze, pr\u00e4teritum.<br>1.6. Wichtige w\u00f6rter und wendungen.<\/p>\n\n\n\n<p><strong>UD2. Die zeit rennt \/ el tiempo corre.<\/strong><\/p>\n\n\n\n<p>2.1. \u00dcber die zeit.<br>2.2. Was wir mit unserer zeit machen (statistik).<br>2.3. Zeitempfi nden: kurzweilig, langweilig.<br>2.4. Die gro\u00dfe sturmfl ut 1962.<br>2.5. Grammatik: substantivierung von verben, komposita,.<br>2.6. Plusquamperfekt, s\u00e1tze mit \u201cnachdem\u201d.<br>2.7. Wichtige w\u00f6rter und wendungen.<\/p>\n\n\n\n<p><strong>UD3. \u00c4rger im alltag \/ disgustos en la vida cotidiana.<\/strong><\/p>\n\n\n\n<p>3.1. Problemsituationen bew\u00e4ltigen.<br>3.2. Mobbing.<br>3.3. Gib mir deinen rat!.<br>3.4. Grammatik: konjunktiv ii der modalverben, imperativ,.<br>3.5. Adverbien zur graduierung von adjektiven.<br>3.6. Wichtige w\u00f6rter und wendungen.<\/p>\n\n\n\n<p><strong>UD4. Partnerschaft: eine (un-)sachliche romanze \/ vida en Pareja: un romance (poco) objetivo.<\/strong><\/p>\n\n\n\n<p>4.1. Klischees \u00fcber m\u00e4nner und frauen.<br>4.2. Eine sachliche romanze.<br>4.3. Die super- omas und opas.<br>4.4. Grammatik: artikelw\u00f6rter, infi nitiv + \u201czu\u201d, nebens\u00e4tze mit \u201cdass\u201d.<br>4.5. Wichtige w\u00f6rter und wendungen.<br>4.6. Das kann ich \u2013 eine bestandsaufnahme.<\/p>\n\n\n\n<p><strong>UD5. Der deutsche und sein auto: eine liebesbeziehung \/ el Alem\u00e1n y su coche: una relaci\u00f3n de amor.<\/strong><\/p>\n\n\n\n<p>5.1. Deutsche technik: deutsche und autos.<br>5.2. Carsharing.<br>5.3. Technische anweisungen.<br>5.4. Der trabi.<br>5.6. Grammatik: n-deklination, \u201cwegen\u201d + genitiv, passiv.<br>5.7. Wichtige w\u00f6rter und wendungen.<\/p>\n\n\n\n<p><strong>UD6. Kulinarisches. Die revolution der fernsehk\u00f6che \/ deatalles Culinarios. La revoluci\u00f3n de los cocineros televisivos.<\/strong><\/p>\n\n\n\n<p>6.1. Essen in deutschland.<br>6.2. Die kochrevolution.<br>6.3. Das wiener kaff eehaus.<br>6.4. Grammatik: passiv, passiversatzformen mit \u201cman\u201d und \u201classen\u201d.<br>6.5. Wichtige w\u00f6rter und wendungen.<\/p>\n\n\n\n<p><strong>UD7. Nat\u00fcrlich natur\/ naturaleza, por supuesto.<\/strong><\/p>\n\n\n\n<p>7.1. \u00dcber die umwelt.<br>7.2. Das wattenmeer.<br>7.3. Aussichten f\u00fcr die zukunft.<br>7.4. Im schrebergarten.<br>7.5. Grammatik: unpers\u00f6nliches \u201ces\u201d, doppelte konnektoren.<br>7.6. \u201cje&#8230;desto; nicht nur&#8230;, sondern auch&#8230;\u201d.<br>7.7. Wichtige w\u00f6rter und wendungen.<br>7.8. Das kann ich \u2013 eine bestandsaufnahme.<\/p>\n\n\n\n<p><strong>UD8. Es lebe der sport \/ qu\u00e9 viva el deporte.<\/strong><\/p>\n\n\n\n<p>8.1. Deutschland \u2013 sportland.<br>8.2. Die deutschen und der fu\u00dfball.<br>8.3. Multikultureller fu\u00dfball.<br>8.4. Fitnesswahn.<br>8.5. Grammatik: temporale nebens\u00e4tze,.<br>8.6. Personalpronomen im dativ und akkusativ.<br>8.7. Wichtige w\u00f6rter und wendungen.<\/p>\n\n\n\n<p><strong>UD9. Ich hab\u2019s vermasselt \/ he metido la pata.<\/strong><\/p>\n\n\n\n<p>9.1. Missverst\u00e4ndnisse.<br>9.2. Gebr\u00e4uche.<br>9.3. Eindr\u00fccke von den deutschen.<br>9.4. Grammatik: adversativs\u00e4tze mit \u201cobwohl\u201d.<br>9.5. Wichtige w\u00f6rter und wendungen.<\/p>\n\n\n\n<p><strong>UD10. Das alles ist deutschland \/ todo esto es alemania.<\/strong><\/p>\n\n\n\n<p>10.1. Die rheinreise.<br>10.2. Eine reise planen.<br>10.3. Deutschland in den jahreszeiten.<br>10.4. Grammatik: verben mit festen pr\u00e4positionen, \u201cwof\u00fcr, womit\u2026\u201d.<br>10.5. Wichtige w\u00f6rter und wendungen.<\/p>\n\n\n\n<hr class=\"wp-block-separator has-alpha-channel-opacity\"\/>\n\n\n\n<div class=\"is-layout-flex wp-block-buttons\">\n<div class=\"wp-block-button has-custom-width wp-block-button__width-50\"><a class=\"wp-block-button__link has-background wp-element-button\" href=\"https:\/\/www.sumar.cl\/_asesoriasacademicas\/ficha\/48274\" style=\"background-color:#0d4d73\">Comprar Cursos<\/a><\/div>\n<\/div>\n","protected":false},"excerpt":{"rendered":"<p>Visi\u00f3n general \/Objetivos Programa o Malla&nbsp; UD1. Auf und davon \/ marcharse. 1.1. Erinnerungen.1.2. Junge leute und ihr weg in die zukunft.1.3. Warum wir ins ausland gehen.1.4. Einen aufenthalt im ausland planen.1.5. Grammatik: kausals\u00e4tze, pr\u00e4teritum.1.6. Wichtige w\u00f6rter und wendungen. UD2. Die zeit rennt \/ el tiempo corre. 2.1. \u00dcber die zeit.2.2. Was wir mit unserer [&hellip;]<\/p>\n","protected":false},"author":1,"featured_media":44279,"parent":0,"menu_order":0,"template":"","property_type":[],"property_status":[],"property_feature":[],"property_label":[],"property_country":[],"property_state":[],"property_city":[],"property_area":[432],"aioseo_notices":[],"property_meta":{"_edit_lock":["1673893454:1"],"_thumbnail_id":["44279"],"_edit_last":["1"],"fave_property_price":["91500"],"fave_property_map":["0"],"fave_property_location":["25.68654,-80.431345,15"],"houzez_geolocation_lat":["25.68654"],"houzez_geolocation_long":["-80.431345"],"fave_property_map_street_view":["hide"],"fave_featured":["0"],"fave_loggedintoview":["0"],"fave_agent_display_option":["agent_info"],"fave_prop_homeslider":["no"],"fave_single_top_area":["global"],"fave_single_content_area":["global"],"_aioseo_title":[null],"_aioseo_description":[null],"_aioseo_keywords":[""],"_aioseo_og_title":[null],"_aioseo_og_description":[null],"_aioseo_og_article_section":[""],"_aioseo_og_article_tags":[""],"_aioseo_twitter_title":[null],"_aioseo_twitter_description":[null],"om_disable_all_campaigns":[""],"houzez_manual_expire":["0"],"_houzez_expiration_date_status":["saved"],"houzez_total_property_views":["159"],"houzez_views_by_date":["a:61:{s:10:\"03-07-2025\";i:1;s:10:\"03-14-2025\";i:1;s:10:\"03-15-2025\";i:1;s:10:\"03-21-2025\";i:1;s:10:\"03-28-2025\";i:1;s:10:\"04-04-2025\";i:1;s:10:\"04-11-2025\";i:1;s:10:\"04-13-2025\";i:1;s:10:\"04-19-2025\";i:1;s:10:\"04-21-2025\";i:1;s:10:\"04-30-2025\";i:1;s:10:\"05-02-2025\";i:1;s:10:\"05-13-2025\";i:1;s:10:\"05-25-2025\";i:1;s:10:\"05-30-2025\";i:2;s:10:\"06-11-2025\";i:1;s:10:\"06-20-2025\";i:1;s:10:\"06-30-2025\";i:1;s:10:\"07-07-2025\";i:1;s:10:\"07-21-2025\";i:1;s:10:\"07-25-2025\";i:1;s:10:\"07-31-2025\";i:1;s:10:\"08-02-2025\";i:1;s:10:\"08-11-2025\";i:1;s:10:\"08-19-2025\";i:1;s:10:\"08-26-2025\";i:1;s:10:\"09-05-2025\";i:1;s:10:\"09-13-2025\";i:1;s:10:\"09-17-2025\";i:1;s:10:\"09-29-2025\";i:1;s:10:\"10-03-2025\";i:1;s:10:\"10-10-2025\";i:1;s:10:\"10-16-2025\";i:1;s:10:\"10-26-2025\";i:1;s:10:\"10-30-2025\";i:1;s:10:\"11-05-2025\";i:1;s:10:\"11-10-2025\";i:1;s:10:\"11-15-2025\";i:1;s:10:\"12-06-2025\";i:2;s:10:\"12-19-2025\";i:1;s:10:\"12-26-2025\";i:1;s:10:\"01-05-2026\";i:1;s:10:\"01-13-2026\";i:1;s:10:\"01-15-2026\";i:1;s:10:\"01-21-2026\";i:1;s:10:\"01-24-2026\";i:1;s:10:\"01-26-2026\";i:2;s:10:\"01-28-2026\";i:1;s:10:\"01-30-2026\";i:1;s:10:\"02-07-2026\";i:1;s:10:\"02-16-2026\";i:1;s:10:\"02-25-2026\";i:1;s:10:\"03-07-2026\";i:1;s:10:\"03-12-2026\";i:1;s:10:\"03-19-2026\";i:1;s:10:\"03-27-2026\";i:1;s:10:\"04-05-2026\";i:1;s:10:\"04-09-2026\";i:1;s:10:\"04-13-2026\";i:1;s:10:\"04-21-2026\";i:1;s:10:\"04-29-2026\";i:3;}"],"houzez_recently_viewed":["2026-04-29 23:33:46"],"fave_agents":["156"],"fave_property_images":["44279"]},"_links":{"self":[{"href":"https:\/\/formacampus.cl\/index.php?rest_route=\/wp\/v2\/properties\/44295"}],"collection":[{"href":"https:\/\/formacampus.cl\/index.php?rest_route=\/wp\/v2\/properties"}],"about":[{"href":"https:\/\/formacampus.cl\/index.php?rest_route=\/wp\/v2\/types\/property"}],"author":[{"embeddable":true,"href":"https:\/\/formacampus.cl\/index.php?rest_route=\/wp\/v2\/users\/1"}],"version-history":[{"count":3,"href":"https:\/\/formacampus.cl\/index.php?rest_route=\/wp\/v2\/properties\/44295\/revisions"}],"predecessor-version":[{"id":44504,"href":"https:\/\/formacampus.cl\/index.php?rest_route=\/wp\/v2\/properties\/44295\/revisions\/44504"}],"wp:featuredmedia":[{"embeddable":true,"href":"https:\/\/formacampus.cl\/index.php?rest_route=\/wp\/v2\/media\/44279"}],"wp:attachment":[{"href":"https:\/\/formacampus.cl\/index.php?rest_route=%2Fwp%2Fv2%2Fmedia&parent=44295"}],"wp:term":[{"taxonomy":"property_type","embeddable":true,"href":"https:\/\/formacampus.cl\/index.php?rest_route=%2Fwp%2Fv2%2Fproperty_type&post=44295"},{"taxonomy":"property_status","embeddable":true,"href":"https:\/\/formacampus.cl\/index.php?rest_route=%2Fwp%2Fv2%2Fproperty_status&post=44295"},{"taxonomy":"property_feature","embeddable":true,"href":"https:\/\/formacampus.cl\/index.php?rest_route=%2Fwp%2Fv2%2Fproperty_feature&post=44295"},{"taxonomy":"property_label","embeddable":true,"href":"https:\/\/formacampus.cl\/index.php?rest_route=%2Fwp%2Fv2%2Fproperty_label&post=44295"},{"taxonomy":"property_country","embeddable":true,"href":"https:\/\/formacampus.cl\/index.php?rest_route=%2Fwp%2Fv2%2Fproperty_country&post=44295"},{"taxonomy":"property_state","embeddable":true,"href":"https:\/\/formacampus.cl\/index.php?rest_route=%2Fwp%2Fv2%2Fproperty_state&post=44295"},{"taxonomy":"property_city","embeddable":true,"href":"https:\/\/formacampus.cl\/index.php?rest_route=%2Fwp%2Fv2%2Fproperty_city&post=44295"},{"taxonomy":"property_area","embeddable":true,"href":"https:\/\/formacampus.cl\/index.php?rest_route=%2Fwp%2Fv2%2Fproperty_area&post=44295"}],"curies":[{"name":"wp","href":"https:\/\/api.w.org\/{rel}","templated":true}]}}

ALEMAN PREPARACIÓN DE EXAMEN B1 – 100 horas

<p><strong>Visión general /Objetivos</strong></p>



<ul>
<li>Sean capaces de sacarle partido a un repertorio amplio pero sencillo de vocabulario, estructuras y fórmulas aprendidas;</li>



<li>Pongan en juego los conocimientos generales del mundo hispano (referentes culturales, normas y convenciones de carácter sociocultural) que necesitan para desenvolverse en las diferentes transacciones en las que participan;&nbsp;</li>



<li>Se comuniquen adecuadamente en un registro neutro, aunque con suficiente flexibilidad como para adaptarse a diferentes situaciones;</li>



<li>Se expresen con razonable corrección, aunque vacilen o hagan pausas para pensar lo que van a decir y cometan errores (especialmente de pronunciación) sobre todo en situaciones imprevistas y de cierta tensión;</li>



<li>Sepan cómo pedir a alguien que aclare o desarrolle lo que acaba de decir;</li>



<li>Sean capaces de realizar las transacciones que se requieren en la organización de un viaje o durante su desarrollo o en situaciones menos habituales en comercios, agencias de alquiler de coches, oficinas de correos, bancos, etc.;</li>



<li>Sean capaces de plantear quejas y de relatar detalles de situaciones imprevistas (robos, accidentes, etc.).</li>
</ul>



<p><strong>Programa o Malla&nbsp;</strong></p>



<p><strong>UD1. Auf und davon / marcharse.</strong></p>



<p>1.1. Erinnerungen.<br>1.2. Junge leute und ihr weg in die zukunft.<br>1.3. Warum wir ins ausland gehen.<br>1.4. Einen aufenthalt im ausland planen.<br>1.5. Grammatik: kausalsätze, präteritum.<br>1.6. Wichtige wörter und wendungen.</p>



<p><strong>UD2. Die zeit rennt / el tiempo corre.</strong></p>



<p>2.1. Über die zeit.<br>2.2. Was wir mit unserer zeit machen (statistik).<br>2.3. Zeitempfi nden: kurzweilig, langweilig.<br>2.4. Die große sturmfl ut 1962.<br>2.5. Grammatik: substantivierung von verben, komposita,.<br>2.6. Plusquamperfekt, sátze mit “nachdem”.<br>2.7. Wichtige wörter und wendungen.</p>



<p><strong>UD3. Ärger im alltag / disgustos en la vida cotidiana.</strong></p>



<p>3.1. Problemsituationen bewältigen.<br>3.2. Mobbing.<br>3.3. Gib mir deinen rat!.<br>3.4. Grammatik: konjunktiv ii der modalverben, imperativ,.<br>3.5. Adverbien zur graduierung von adjektiven.<br>3.6. Wichtige wörter und wendungen.</p>



<p><strong>UD4. Partnerschaft: eine (un-)sachliche romanze / vida en Pareja: un romance (poco) objetivo.</strong></p>



<p>4.1. Klischees über männer und frauen.<br>4.2. Eine sachliche romanze.<br>4.3. Die super- omas und opas.<br>4.4. Grammatik: artikelwörter, infi nitiv + “zu”, nebensätze mit “dass”.<br>4.5. Wichtige wörter und wendungen.<br>4.6. Das kann ich – eine bestandsaufnahme.</p>



<p><strong>UD5. Der deutsche und sein auto: eine liebesbeziehung / el Alemán y su coche: una relación de amor.</strong></p>



<p>5.1. Deutsche technik: deutsche und autos.<br>5.2. Carsharing.<br>5.3. Technische anweisungen.<br>5.4. Der trabi.<br>5.6. Grammatik: n-deklination, “wegen” + genitiv, passiv.<br>5.7. Wichtige wörter und wendungen.</p>



<p><strong>UD6. Kulinarisches. Die revolution der fernsehköche / deatalles Culinarios. La revolución de los cocineros televisivos.</strong></p>



<p>6.1. Essen in deutschland.<br>6.2. Die kochrevolution.<br>6.3. Das wiener kaff eehaus.<br>6.4. Grammatik: passiv, passiversatzformen mit “man” und “lassen”.<br>6.5. Wichtige wörter und wendungen.</p>



<p><strong>UD7. Natürlich natur/ naturaleza, por supuesto.</strong></p>



<p>7.1. Über die umwelt.<br>7.2. Das wattenmeer.<br>7.3. Aussichten für die zukunft.<br>7.4. Im schrebergarten.<br>7.5. Grammatik: unpersönliches “es”, doppelte konnektoren.<br>7.6. “je&#8230;desto; nicht nur&#8230;, sondern auch&#8230;”.<br>7.7. Wichtige wörter und wendungen.<br>7.8. Das kann ich – eine bestandsaufnahme.</p>



<p><strong>UD8. Es lebe der sport / qué viva el deporte.</strong></p>



<p>8.1. Deutschland – sportland.<br>8.2. Die deutschen und der fußball.<br>8.3. Multikultureller fußball.<br>8.4. Fitnesswahn.<br>8.5. Grammatik: temporale nebensätze,.<br>8.6. Personalpronomen im dativ und akkusativ.<br>8.7. Wichtige wörter und wendungen.</p>



<p><strong>UD9. Ich hab’s vermasselt / he metido la pata.</strong></p>



<p>9.1. Missverständnisse.<br>9.2. Gebräuche.<br>9.3. Eindrücke von den deutschen.<br>9.4. Grammatik: adversativsätze mit “obwohl”.<br>9.5. Wichtige wörter und wendungen.</p>



<p><strong>UD10. Das alles ist deutschland / todo esto es alemania.</strong></p>



<p>10.1. Die rheinreise.<br>10.2. Eine reise planen.<br>10.3. Deutschland in den jahreszeiten.<br>10.4. Grammatik: verben mit festen präpositionen, “wofür, womit…”.<br>10.5. Wichtige wörter und wendungen.</p>



<hr class="wp-block-separator has-alpha-channel-opacity"/>



<div class="is-layout-flex wp-block-buttons">
<div class="wp-block-button has-custom-width wp-block-button__width-50"><a class="wp-block-button__link has-background wp-element-button" href="https://www.sumar.cl/_asesoriasacademicas/ficha/48274" style="background-color:#0d4d73">Comprar Cursos</a></div>
</div>

<p>Visión general /Objetivos Programa o Malla&nbsp; UD1. Auf und davon / marcharse. 1.1. Erinnerungen.1.2. Junge leute und ihr weg in die zukunft.1.3. Warum wir ins ausland gehen.1.4. Einen aufenthalt im ausland planen.1.5. Grammatik: kausalsätze, präteritum.1.6. Wichtige wörter und wendungen. UD2. Die zeit rennt / el tiempo corre. 2.1. Über die zeit.2.2. Was wir mit unserer [&hellip;]</p>
