{"id":44292,"date":"2022-12-26T19:27:04","date_gmt":"2022-12-26T19:27:04","guid":{"rendered":"https:\/\/formacampus.cl\/?post_type=property&#038;p=44292"},"modified":"2023-01-16T18:16:07","modified_gmt":"2023-01-16T18:16:07","slug":"aleman-preparacion-de-examen-a2-100-horas","status":"publish","type":"property","link":"https:\/\/formacampus.cl\/?property=aleman-preparacion-de-examen-a2-100-horas","title":{"rendered":"ALEMAN PREPARACI\u00d3N DE EXAMEN A2 \u2013\u00a0 100 horas"},"content":{"rendered":"\n<p><strong>Visi\u00f3n general \/Objetivos<\/strong><\/p>\n\n\n\n<ul>\n<li>Comprender el sentido general, los puntos principales e informaci\u00f3n de textos orales, bien estructurados, trasmitidos de viva voz o por medios t\u00e9cnicos (tel\u00e9fono, televisi\u00f3n, megafon\u00eda, etc.<\/li>\n\n\n\n<li>), articulados a una velocidad normal, en un registro formal o neutro y siempre que las condiciones ac\u00fasticas sean buenas y el mensaje no est\u00e9 distorsionado.<\/li>\n\n\n\n<li>Estos textos versar\u00e1n de temas habituales, preferentemente en los \u00e1mbitos personal o p\u00fablico.<\/li>\n\n\n\n<li>Producir textos orales, principalmente en comunicaci\u00f3n cara a cara, pero tambi\u00e9n por tel\u00e9fono u otros medios t\u00e9cnicos, en un registro neutro.<\/li>\n\n\n\n<li>Comunicarse de forma comprensible, aunque resulten evidentes el acento extranjero, las pausas y los titubeos y sea necesaria la repetici\u00f3n, la par\u00e1frasis y la cooperaci\u00f3n de los interlocutores para mantener la comunicaci\u00f3n.<\/li>\n\n\n\n<li>Comprender el sentido, las partes e informaci\u00f3n de textos con un registro formal o neutro y vocabulario en su mayor parte frecuente.<\/li>\n\n\n\n<li>Escribir textos en un registro neutro o formal, utilizando adecuadamente los recursos de cohesi\u00f3n y las convenciones ortogr\u00e1ficas y de puntuaci\u00f3n esenciales.<\/li>\n\n\n\n<li>Estos textos se referir\u00e1n principalmente al \u00e1mbito personal y p\u00fablico.<\/li>\n<\/ul>\n\n\n\n<p><strong>Programa o Malla&nbsp;<\/strong><\/p>\n\n\n\n<p><strong>UD1. Personas y lenguas. Menschen und sprachen.<\/strong><\/p>\n\n\n\n<p>1.1. Die deutsche sprache.<br>1.2. Meine lernbiografi e &#8211; mi biograf\u00eda de aprendizaje.<br>1.3. Im kursraum &#8211; en el aula.<br>1.4. Mein deutsches lieblingswort &#8211; mi palabra favorita en alem\u00e1n.<\/p>\n\n\n\n<p><strong>UD2. \u00a1Buen viaje!. Gute fahrt!.<\/strong><\/p>\n\n\n\n<p>2.1. Der schwarzwald. \u2013 la selva negra.<br>2.2. Urlaubsangebote. Ferienwohnungen &#8211; ofertas de viaje. Apartamentos tur\u00edsticos.<br>2.3. Fortbewegungsmittel \u2013 medios de transporte.<br>2.4. Kausalsatz: etwas begr\u00fcnden mit \u201cweil\u201d oder \u201cdenn\u201d.<br>2.5. Etwas vergleichen &#8211; comparar algo.<br>2.6. Eine reise planen.<br>2.7. Im reiseb\u00fcro: eine reise buchen.<br>2.8. Eine reise buchen \u2013 contratar un viaje.<\/p>\n\n\n\n<p><strong>UD3. Viajando. Auf reisen.<\/strong><\/p>\n\n\n\n<p>3.1. Landschaften &#8211; paisajes.<br>3.2. Eine landschaft beschreiben \u2013 describir un paisaje.<br>3.3. Konditionalsatz \/ oraciones condicionales: wenn \u2026, dann.<br>3.4. Urlaub vom alltag \u2013 vacaciones de la vida cotidiana.<br>3.5. In einer stadt: wien.<br>3.6. Hier geht\u2019s lang &#8211; se va por aqu\u00ed.<\/p>\n\n\n\n<p><strong>UD4. \u00a1Qu\u00e9 bien te queda!. Das steht dir aber gut!.<\/strong><\/p>\n\n\n\n<p>4.1. Das aussehen \/ el aspecto f\u00edsico.<br>4.2. Sehen sie die k\u00f6rperteile an.<br>4.3. Tratsch am strand.<br>4.4. Am meer.<br>4.5. In der strandboutique.<\/p>\n\n\n\n<p><strong>UD5. (Alemania) multicultural. Multi-kulti.<\/strong><\/p>\n\n\n\n<p>5.1. Die loveparade (1989 \u2013 2010).<br>5.2. K\u00fcnstler ausl\u00e4ndischer herkunft.<br>5.3. Im museum \/ in der hamburger kunsthalle.<br>5.4. Einen opernbesuch organisieren.<\/p>\n\n\n\n<p><strong>UD6. Escolarizaci\u00f3n y formaci\u00f3n. Schule und ausbildung.<\/strong><\/p>\n\n\n\n<p>6.1. Berufe und t\u00e4tigkeiten \/ profesiones y actividades.<br>6.2. Berufsw\u00fcnsche \/deseos profesionales.<br>6.3. Das schulsystem \/ el regimen de ense\u00f1anza.<br>6.4. Lern- und berufsbiografi en verstehen.<\/p>\n\n\n\n<p><strong>UD7. La vida laboral. Berufsalltag.<\/strong><\/p>\n\n\n\n<p>7.1. Die arbeitssuche.<br>7.2. Der lebenslauf.<br>7.3. H\u00f6fl iche gespr\u00e4che am telefon.<br>7.4. Die arbeit im b\u00fcro.<\/p>\n\n\n\n<p><strong>UD8. Medios de comunicaci\u00f3n. Medien.<\/strong><\/p>\n\n\n\n<p>8.1. \u00dcber die entstehung der kommunikationsmedien.<br>8.2. Jugendliche und die medien.<br>8.3. Einkaufen im internet.<br>8.4. Funktionen von ger\u00e4ten beschreiben.<\/p>\n\n\n\n<p><strong>UD9. Mi querida familia. Die liebe verwandschaft.<\/strong><\/p>\n\n\n\n<p>9.1. Meine familie.<br>9.2. Familienstrukturen.<br>9.3. Familie heute.<br>9.4. 3 frauen \u2013 3 generationen.<br>9.5. Beziehungen beschreiben.<\/p>\n\n\n\n<p><strong>UD10. Sobre relaciones personales. Beziehungskiste.<\/strong><\/p>\n\n\n\n<p>10.2. Refl exive verben &#8211; verbos refl exivos.<br>10.4. Kreislauf einer beziehung.<br>10.5. Rund um das heiraten \u2013 traditionen in deutschland.<br>10.6. Einladungen.<\/p>\n\n\n\n<p><strong>UD11. Recuerdos de la infancia. Erinnerungen an die kindheit.<\/strong><\/p>\n\n\n\n<p>11.1. Kindheitserinnerungen.<br>11.2. M\u00e4rchen erz\u00e4hlen.<\/p>\n\n\n\n<p><strong>UD12. Mi ciudad. Meine stadt.<\/strong><\/p>\n\n\n\n<p>12.2. \u00dcber eine stadt sprechen.<br>12.3. Von einer sehensw\u00fcrdigkeit erz\u00e4hlen.<br>12.4. Bekannte berliner.<\/p>\n\n\n\n<p><strong>UD13. Lejos de casa. In der ferne.<\/strong><\/p>\n\n\n\n<p>13.1. Lebenstr\u00e4ume und realit\u00e4ten \u2013 sue\u00f1os y realidades de la vida.<br>13.2. Im ausland leben.<br>13.3. Probleme im ausland \u2013 ratschl\u00e4ge geben \/ problemas en el extranjero \u2013 dar consejos.<br>13.4. Heimat.<\/p>\n\n\n\n<p><strong>UD5. Un vistazo al futuro. Blick in die zukunft.<\/strong><\/p>\n\n\n\n<p>5.1. Zukunftsprognosen.<br>5.2. Der blick in die zukunft1.<br>5.3. Versprechungen machen \/ hacer promesas.<br>5.4. Das wetter.<\/p>\n\n\n\n<p><strong>UD15. Un viaje por Aleman(ia). Die Deutsch(land)reise.<\/strong><\/p>\n\n\n\n<p>15.1. Feste in Deutschland.<br>15.2. Herkunft und br\u00e4uche.<\/p>\n\n\n\n<hr class=\"wp-block-separator has-alpha-channel-opacity\"\/>\n\n\n\n<div class=\"is-layout-flex wp-block-buttons\">\n<div class=\"wp-block-button has-custom-width wp-block-button__width-50\"><a class=\"wp-block-button__link has-background wp-element-button\" href=\"https:\/\/www.sumar.cl\/_asesoriasacademicas\/ficha\/48273\" style=\"background-color:#0d4d73\">Comprar Curso<\/a><\/div>\n<\/div>\n","protected":false},"excerpt":{"rendered":"<p>Visi\u00f3n general \/Objetivos Programa o Malla&nbsp; UD1. Personas y lenguas. Menschen und sprachen. 1.1. Die deutsche sprache.1.2. Meine lernbiografi e &#8211; mi biograf\u00eda de aprendizaje.1.3. Im kursraum &#8211; en el aula.1.4. Mein deutsches lieblingswort &#8211; mi palabra favorita en alem\u00e1n. UD2. \u00a1Buen viaje!. Gute fahrt!. 2.1. Der schwarzwald. \u2013 la selva negra.2.2. Urlaubsangebote. Ferienwohnungen &#8211; [&hellip;]<\/p>\n","protected":false},"author":1,"featured_media":44293,"parent":0,"menu_order":0,"template":"","property_type":[],"property_status":[],"property_feature":[],"property_label":[],"property_country":[],"property_state":[],"property_city":[],"property_area":[432],"aioseo_notices":[],"property_meta":{"_edit_lock":["1673893068:1"],"_thumbnail_id":["44293"],"_edit_last":["1"],"fave_property_price":["91500"],"fave_property_map":["0"],"fave_property_location":["25.68654,-80.431345,15"],"houzez_geolocation_lat":["25.68654"],"houzez_geolocation_long":["-80.431345"],"fave_property_map_street_view":["hide"],"fave_featured":["0"],"fave_loggedintoview":["0"],"fave_agent_display_option":["agent_info"],"fave_prop_homeslider":["no"],"fave_single_top_area":["global"],"fave_single_content_area":["global"],"_aioseo_title":[null],"_aioseo_description":[null],"_aioseo_keywords":[""],"_aioseo_og_title":[null],"_aioseo_og_description":[null],"_aioseo_og_article_section":[""],"_aioseo_og_article_tags":[""],"_aioseo_twitter_title":[null],"_aioseo_twitter_description":[null],"om_disable_all_campaigns":[""],"houzez_manual_expire":["0"],"_houzez_expiration_date_status":["saved"],"houzez_total_property_views":["159"],"houzez_views_by_date":["a:61:{s:10:\"03-04-2025\";i:1;s:10:\"03-11-2025\";i:1;s:10:\"03-14-2025\";i:1;s:10:\"03-16-2025\";i:1;s:10:\"03-21-2025\";i:1;s:10:\"03-27-2025\";i:1;s:10:\"04-04-2025\";i:1;s:10:\"04-12-2025\";i:1;s:10:\"04-20-2025\";i:1;s:10:\"04-21-2025\";i:1;s:10:\"04-29-2025\";i:1;s:10:\"05-01-2025\";i:1;s:10:\"05-11-2025\";i:1;s:10:\"05-18-2025\";i:1;s:10:\"05-25-2025\";i:1;s:10:\"05-29-2025\";i:1;s:10:\"05-30-2025\";i:1;s:10:\"06-03-2025\";i:1;s:10:\"06-15-2025\";i:1;s:10:\"07-02-2025\";i:1;s:10:\"07-05-2025\";i:1;s:10:\"07-14-2025\";i:1;s:10:\"07-19-2025\";i:1;s:10:\"07-28-2025\";i:1;s:10:\"07-31-2025\";i:1;s:10:\"08-02-2025\";i:1;s:10:\"08-08-2025\";i:1;s:10:\"08-18-2025\";i:1;s:10:\"08-21-2025\";i:1;s:10:\"08-31-2025\";i:1;s:10:\"09-08-2025\";i:1;s:10:\"09-13-2025\";i:1;s:10:\"09-15-2025\";i:1;s:10:\"09-27-2025\";i:1;s:10:\"10-03-2025\";i:1;s:10:\"10-10-2025\";i:1;s:10:\"10-16-2025\";i:1;s:10:\"10-30-2025\";i:1;s:10:\"11-05-2025\";i:1;s:10:\"11-12-2025\";i:1;s:10:\"11-17-2025\";i:1;s:10:\"12-06-2025\";i:1;s:10:\"12-18-2025\";i:1;s:10:\"01-05-2026\";i:1;s:10:\"01-13-2026\";i:2;s:10:\"01-21-2026\";i:1;s:10:\"01-24-2026\";i:1;s:10:\"01-26-2026\";i:2;s:10:\"01-29-2026\";i:1;s:10:\"02-07-2026\";i:1;s:10:\"02-16-2026\";i:1;s:10:\"02-27-2026\";i:1;s:10:\"03-05-2026\";i:1;s:10:\"03-12-2026\";i:1;s:10:\"03-24-2026\";i:1;s:10:\"04-05-2026\";i:1;s:10:\"04-07-2026\";i:1;s:10:\"04-15-2026\";i:1;s:10:\"04-18-2026\";i:1;s:10:\"04-25-2026\";i:1;s:10:\"04-29-2026\";i:1;}"],"houzez_recently_viewed":["2026-04-29 23:04:18"],"fave_agents":["156"],"fave_property_images":["44293"]},"_links":{"self":[{"href":"https:\/\/formacampus.cl\/index.php?rest_route=\/wp\/v2\/properties\/44292"}],"collection":[{"href":"https:\/\/formacampus.cl\/index.php?rest_route=\/wp\/v2\/properties"}],"about":[{"href":"https:\/\/formacampus.cl\/index.php?rest_route=\/wp\/v2\/types\/property"}],"author":[{"embeddable":true,"href":"https:\/\/formacampus.cl\/index.php?rest_route=\/wp\/v2\/users\/1"}],"version-history":[{"count":4,"href":"https:\/\/formacampus.cl\/index.php?rest_route=\/wp\/v2\/properties\/44292\/revisions"}],"predecessor-version":[{"id":44502,"href":"https:\/\/formacampus.cl\/index.php?rest_route=\/wp\/v2\/properties\/44292\/revisions\/44502"}],"wp:featuredmedia":[{"embeddable":true,"href":"https:\/\/formacampus.cl\/index.php?rest_route=\/wp\/v2\/media\/44293"}],"wp:attachment":[{"href":"https:\/\/formacampus.cl\/index.php?rest_route=%2Fwp%2Fv2%2Fmedia&parent=44292"}],"wp:term":[{"taxonomy":"property_type","embeddable":true,"href":"https:\/\/formacampus.cl\/index.php?rest_route=%2Fwp%2Fv2%2Fproperty_type&post=44292"},{"taxonomy":"property_status","embeddable":true,"href":"https:\/\/formacampus.cl\/index.php?rest_route=%2Fwp%2Fv2%2Fproperty_status&post=44292"},{"taxonomy":"property_feature","embeddable":true,"href":"https:\/\/formacampus.cl\/index.php?rest_route=%2Fwp%2Fv2%2Fproperty_feature&post=44292"},{"taxonomy":"property_label","embeddable":true,"href":"https:\/\/formacampus.cl\/index.php?rest_route=%2Fwp%2Fv2%2Fproperty_label&post=44292"},{"taxonomy":"property_country","embeddable":true,"href":"https:\/\/formacampus.cl\/index.php?rest_route=%2Fwp%2Fv2%2Fproperty_country&post=44292"},{"taxonomy":"property_state","embeddable":true,"href":"https:\/\/formacampus.cl\/index.php?rest_route=%2Fwp%2Fv2%2Fproperty_state&post=44292"},{"taxonomy":"property_city","embeddable":true,"href":"https:\/\/formacampus.cl\/index.php?rest_route=%2Fwp%2Fv2%2Fproperty_city&post=44292"},{"taxonomy":"property_area","embeddable":true,"href":"https:\/\/formacampus.cl\/index.php?rest_route=%2Fwp%2Fv2%2Fproperty_area&post=44292"}],"curies":[{"name":"wp","href":"https:\/\/api.w.org\/{rel}","templated":true}]}}

ALEMAN PREPARACIÓN DE EXAMEN A2 –  100 horas

<p><strong>Visión general /Objetivos</strong></p>



<ul>
<li>Comprender el sentido general, los puntos principales e información de textos orales, bien estructurados, trasmitidos de viva voz o por medios técnicos (teléfono, televisión, megafonía, etc.</li>



<li>), articulados a una velocidad normal, en un registro formal o neutro y siempre que las condiciones acústicas sean buenas y el mensaje no esté distorsionado.</li>



<li>Estos textos versarán de temas habituales, preferentemente en los ámbitos personal o público.</li>



<li>Producir textos orales, principalmente en comunicación cara a cara, pero también por teléfono u otros medios técnicos, en un registro neutro.</li>



<li>Comunicarse de forma comprensible, aunque resulten evidentes el acento extranjero, las pausas y los titubeos y sea necesaria la repetición, la paráfrasis y la cooperación de los interlocutores para mantener la comunicación.</li>



<li>Comprender el sentido, las partes e información de textos con un registro formal o neutro y vocabulario en su mayor parte frecuente.</li>



<li>Escribir textos en un registro neutro o formal, utilizando adecuadamente los recursos de cohesión y las convenciones ortográficas y de puntuación esenciales.</li>



<li>Estos textos se referirán principalmente al ámbito personal y público.</li>
</ul>



<p><strong>Programa o Malla&nbsp;</strong></p>



<p><strong>UD1. Personas y lenguas. Menschen und sprachen.</strong></p>



<p>1.1. Die deutsche sprache.<br>1.2. Meine lernbiografi e &#8211; mi biografía de aprendizaje.<br>1.3. Im kursraum &#8211; en el aula.<br>1.4. Mein deutsches lieblingswort &#8211; mi palabra favorita en alemán.</p>



<p><strong>UD2. ¡Buen viaje!. Gute fahrt!.</strong></p>



<p>2.1. Der schwarzwald. – la selva negra.<br>2.2. Urlaubsangebote. Ferienwohnungen &#8211; ofertas de viaje. Apartamentos turísticos.<br>2.3. Fortbewegungsmittel – medios de transporte.<br>2.4. Kausalsatz: etwas begründen mit “weil” oder “denn”.<br>2.5. Etwas vergleichen &#8211; comparar algo.<br>2.6. Eine reise planen.<br>2.7. Im reisebüro: eine reise buchen.<br>2.8. Eine reise buchen – contratar un viaje.</p>



<p><strong>UD3. Viajando. Auf reisen.</strong></p>



<p>3.1. Landschaften &#8211; paisajes.<br>3.2. Eine landschaft beschreiben – describir un paisaje.<br>3.3. Konditionalsatz / oraciones condicionales: wenn …, dann.<br>3.4. Urlaub vom alltag – vacaciones de la vida cotidiana.<br>3.5. In einer stadt: wien.<br>3.6. Hier geht’s lang &#8211; se va por aquí.</p>



<p><strong>UD4. ¡Qué bien te queda!. Das steht dir aber gut!.</strong></p>



<p>4.1. Das aussehen / el aspecto físico.<br>4.2. Sehen sie die körperteile an.<br>4.3. Tratsch am strand.<br>4.4. Am meer.<br>4.5. In der strandboutique.</p>



<p><strong>UD5. (Alemania) multicultural. Multi-kulti.</strong></p>



<p>5.1. Die loveparade (1989 – 2010).<br>5.2. Künstler ausländischer herkunft.<br>5.3. Im museum / in der hamburger kunsthalle.<br>5.4. Einen opernbesuch organisieren.</p>



<p><strong>UD6. Escolarización y formación. Schule und ausbildung.</strong></p>



<p>6.1. Berufe und tätigkeiten / profesiones y actividades.<br>6.2. Berufswünsche /deseos profesionales.<br>6.3. Das schulsystem / el regimen de enseñanza.<br>6.4. Lern- und berufsbiografi en verstehen.</p>



<p><strong>UD7. La vida laboral. Berufsalltag.</strong></p>



<p>7.1. Die arbeitssuche.<br>7.2. Der lebenslauf.<br>7.3. Höfl iche gespräche am telefon.<br>7.4. Die arbeit im büro.</p>



<p><strong>UD8. Medios de comunicación. Medien.</strong></p>



<p>8.1. Über die entstehung der kommunikationsmedien.<br>8.2. Jugendliche und die medien.<br>8.3. Einkaufen im internet.<br>8.4. Funktionen von geräten beschreiben.</p>



<p><strong>UD9. Mi querida familia. Die liebe verwandschaft.</strong></p>



<p>9.1. Meine familie.<br>9.2. Familienstrukturen.<br>9.3. Familie heute.<br>9.4. 3 frauen – 3 generationen.<br>9.5. Beziehungen beschreiben.</p>



<p><strong>UD10. Sobre relaciones personales. Beziehungskiste.</strong></p>



<p>10.2. Refl exive verben &#8211; verbos refl exivos.<br>10.4. Kreislauf einer beziehung.<br>10.5. Rund um das heiraten – traditionen in deutschland.<br>10.6. Einladungen.</p>



<p><strong>UD11. Recuerdos de la infancia. Erinnerungen an die kindheit.</strong></p>



<p>11.1. Kindheitserinnerungen.<br>11.2. Märchen erzählen.</p>



<p><strong>UD12. Mi ciudad. Meine stadt.</strong></p>



<p>12.2. Über eine stadt sprechen.<br>12.3. Von einer sehenswürdigkeit erzählen.<br>12.4. Bekannte berliner.</p>



<p><strong>UD13. Lejos de casa. In der ferne.</strong></p>



<p>13.1. Lebensträume und realitäten – sueños y realidades de la vida.<br>13.2. Im ausland leben.<br>13.3. Probleme im ausland – ratschläge geben / problemas en el extranjero – dar consejos.<br>13.4. Heimat.</p>



<p><strong>UD5. Un vistazo al futuro. Blick in die zukunft.</strong></p>



<p>5.1. Zukunftsprognosen.<br>5.2. Der blick in die zukunft1.<br>5.3. Versprechungen machen / hacer promesas.<br>5.4. Das wetter.</p>



<p><strong>UD15. Un viaje por Aleman(ia). Die Deutsch(land)reise.</strong></p>



<p>15.1. Feste in Deutschland.<br>15.2. Herkunft und bräuche.</p>



<hr class="wp-block-separator has-alpha-channel-opacity"/>



<div class="is-layout-flex wp-block-buttons">
<div class="wp-block-button has-custom-width wp-block-button__width-50"><a class="wp-block-button__link has-background wp-element-button" href="https://www.sumar.cl/_asesoriasacademicas/ficha/48273" style="background-color:#0d4d73">Comprar Curso</a></div>
</div>

<p>Visión general /Objetivos Programa o Malla&nbsp; UD1. Personas y lenguas. Menschen und sprachen. 1.1. Die deutsche sprache.1.2. Meine lernbiografi e &#8211; mi biografía de aprendizaje.1.3. Im kursraum &#8211; en el aula.1.4. Mein deutsches lieblingswort &#8211; mi palabra favorita en alemán. UD2. ¡Buen viaje!. Gute fahrt!. 2.1. Der schwarzwald. – la selva negra.2.2. Urlaubsangebote. Ferienwohnungen &#8211; [&hellip;]</p>
