{"id":42592,"date":"2022-02-15T16:59:52","date_gmt":"2022-02-15T16:59:52","guid":{"rendered":"https:\/\/demo23.houzez.co\/property\/5505-ashton-way-5505sarasota34231\/"},"modified":"2024-08-20T19:49:36","modified_gmt":"2024-08-20T19:49:36","slug":"presentaciones-en-publico","status":"publish","type":"property","link":"https:\/\/formacampus.cl\/?property=presentaciones-en-publico","title":{"rendered":"PRESENTACIONES EN P\u00daBLICO"},"content":{"rendered":"<h3 style=\"font-weight: 400;\"><strong>Visi\u00f3n general \/ Objetivos<\/strong><\/h3>\n<ul>\n<li style=\"font-weight: 400;\">Identificar los aspectos fundamentales relacionados con el desarrollo de presentaciones en p\u00fablico efectivas.<\/li>\n<li style=\"font-weight: 400;\">Conocer la estructura, t\u00e9cnicas y m\u00e9todos para realizar presentaciones en p\u00fablico con un alto grado de profesionalidad.<\/li>\n<li style=\"font-weight: 400;\">Conocer los principales recursos audiovisuales y herramientas que nos sirven como elemento de apoyo a la hora de desarrollar presentaciones.<\/li>\n<li style=\"font-weight: 400;\">Conocer y desarrollar adecuadamente las principales competencias personales que nos ayudar\u00e1n a realizar presentaciones de alto impacto.<\/li>\n<\/ul>\n<h3><\/h3>\n<h3 style=\"font-weight: 400;\"><strong>Programa o curriculum <\/strong><\/h3>\n<p style=\"font-weight: 400;\"><strong>&nbsp;<\/strong><strong>UD 1. Presentaciones en p\u00fablico: conceptos clavePrincipios para hacer presentaciones efectivas<\/strong><strong><br>\n<\/strong>1.1. Claves para conseguir un discurso de alto impacto<br>\n1.2. Errores m\u00e1s habituales a la hora de realizar presentaciones en p\u00fablico<br>\n1.3. El miedo esc\u00e9nico<\/p>\n<p style=\"font-weight: 400;\"><strong>UD2. Planificaci\u00f3n de una presentaci\u00f3n en p\u00fablico<\/strong><strong><br>\n<\/strong>2.1. El para qu\u00e9 de nuestra presentaci\u00f3n: definiendo nuestro objetivo<br>\n2.2. Check-list de la presentaci\u00f3n<br>\n2.3. Fases a la hora de desarrollar una presentaci\u00f3n<br>\n2.4. Aspectos clave en cada una de las fases de la presentaci\u00f3n<\/p>\n<p style=\"font-weight: 400;\"><strong>UD3. M\u00e9todos y t\u00e9cnicas para conseguir presentaciones en p\u00fablico memorables<\/strong><strong><br>\n<\/strong>3.1. El m\u00e9todo BRAVO<br>\n3.2. El m\u00e9todo H.A.B.L.A<br>\n3.3. Storytelling<br>\n3.4. Otros recursos de alto impacto<\/p>\n<p style=\"font-weight: 400;\"><strong>UD4. Recursos audiovisuales para elaborar presentaciones en p\u00fablico<\/strong><strong><br>\n<\/strong>4.1. Power point<br>\n4.2. Prezi<br>\n4.3. Canva<br>\n4.4. Powtoon<br>\n4.5. Emaze<br>\n4.6. Keynote<\/p>\n<p style=\"font-weight: 400;\"><strong>UD5. Competencias para hacer presentaciones en p\u00fablico eficaces<\/strong><strong><br>\n<\/strong>5.1. Comunicaci\u00f3n verbal<br>\n5.2. Comunicaci\u00f3n no verbal<br>\n5.3. Capacidad de persuasi\u00f3n<br>\n5.4. Inteligencia emocional<br>\n5.5. Creatividad<\/p>\n<p style=\"font-weight: 400;\"><strong>&nbsp;<\/strong><\/p>\n<h3 style=\"font-weight: 400;\"><strong>Metodolog\u00eda <\/strong><\/h3>\n<p style=\"font-weight: 400;\">La&nbsp;<strong>METODOLOG\u00cdA ONLINE<\/strong>&nbsp;propuesta se ajusta a las caracter\u00edsticas y necesidades de cada alumno\/a, combinando las metodolog\u00edas de&nbsp;<strong>ense\u00f1anza programada<\/strong>&nbsp;y de&nbsp;<strong>trabajo aut\u00f3nomo<\/strong>&nbsp;del alumnado con el&nbsp;<strong>asesoramiento &nbsp;de un Tutor acad\u00e9mico <\/strong>mediante el uso de las nuevas tecnolog\u00edas de la informaci\u00f3n y comunicaci\u00f3n, creando un entorno de aprendizaje activo, pr\u00f3ximo y colaborativo en el&nbsp;<strong>Campus Virtual<\/strong>.<\/p>\n<ul>\n<li style=\"font-weight: 400;\"><strong>ENSE\u00d1ANZA PROGRAMADA:<\/strong>Persigue transmitir los conocimientos al alumnado sin la intervenci\u00f3n directa de el\/la formador\/a, a trav\u00e9s de la organizaci\u00f3n y estructuraci\u00f3n de los contenidos de forma secuencial. La realizaci\u00f3n peri\u00f3dica de ejercicios y pruebas de autoevaluaci\u00f3n permiten afianzar lo aprendido y corregir los posibles errores en el aprendizaje.<\/li>\n<li style=\"font-weight: 400;\"><strong>TRABAJO AUT\u00d3NOMO:<\/strong>Sistema de trabajo donde el\/la alumno\/a asume la responsabilidad de su proceso de aprendizaje, adapt\u00e1ndolo a su ritmo de trabajo y a sus propias necesidades, lo que exige una mayor implicaci\u00f3n por su parte.<\/li>\n<\/ul>\n<p style=\"font-weight: 400;\">Las acciones formativas est\u00e1n dise\u00f1adas para propiciar el fomento de las habilidades, conocimientos y experiencias relevantes para el desarrollo profesional dentro del \u00e1mbito de la tem\u00e1tica del curso.<\/p>\n<p style=\"font-weight: 400;\">El material did\u00e1ctico objeto fundamental del proceso de ense\u00f1anza, ser\u00e1 puesto a disposici\u00f3n del alumno en el Campus de manera ordenada y en los formatos m\u00e1s id\u00f3neos para ajustarlos a las especificaciones del curso. El alumno debe trabajarlos de manera aut\u00f3noma dedicando un tiempo que depender\u00e1 de las necesidades individualizadas del alumno.<\/p>\n\n\n<hr class=\"wp-block-separator has-alpha-channel-opacity\"\/>\n\n\n\n<div class=\"is-layout-flex wp-block-buttons\">\n<div class=\"wp-block-button has-custom-width wp-block-button__width-50\"><a class=\"wp-block-button__link has-background wp-element-button\" href=\"https:\/\/www.sumar.cl\/_asesoriasacademicas\/ficha\/17363\" style=\"background-color:#0d4d73\">Comprar curso<\/a><\/div>\n<\/div>\n","protected":false},"excerpt":{"rendered":"<p>Visi\u00f3n general \/ Objetivos Identificar los aspectos fundamentales relacionados con el desarrollo de presentaciones en p\u00fablico efectivas. Conocer la estructura, t\u00e9cnicas y m\u00e9todos para realizar presentaciones en p\u00fablico con un alto grado de profesionalidad. Conocer los principales recursos audiovisuales y herramientas que nos sirven como elemento de apoyo a la hora de desarrollar presentaciones. Conocer [&hellip;]<\/p>\n","protected":false},"author":1,"featured_media":43812,"parent":0,"menu_order":0,"template":"","property_type":[358],"property_status":[],"property_feature":[],"property_label":[],"property_country":[],"property_state":[],"property_city":[269],"property_area":[],"aioseo_notices":[],"property_meta":{"_realtyna_idx_item":["1"],"_realtyna_idx_item_time":["1644944466"],"_realtyna_idx_item_provider":["mlg_demo"],"_realtyna_idx_item_demo":["1"],"fave_currency":["USD"],"fave_currency_info":["",""],"fave_property_price":["37300"],"fave_virtual_tour":["<iframe  src=\"https:\/\/slideshows.luxurypropertyresource.com\/5505ashton\/indexMLS.html\" frameborder=\"0\" allowfullscreen=\"allowfullscreen\"><\/iframe>"],"fave_agents":["156"],"fave_loggedintoview":["0"],"fave_property_map":["0"],"fave_property_id":["HB01"],"fave_property_address":["5505 ASHTON WAY #5505"],"fave_property_zip":["34231"],"fave_property_country":["US"],"fave_featured":["0"],"fave_agent_display_option":["agent_info"],"fave_prop_homeslider":["no"],"fave_property_location":["27.272434,-82.511556,14"],"houzez_geolocation_lat":["27.272434","27.272434"],"houzez_geolocation_long":["-82.511556","-82.511556"],"fave_floor_plans_enable":["disable"],"fave_additional_features_enable":["disable"],"fave_multiunit_plans_enable":["disable"],"fave_living_size":["1232"],"fave_living_size_prefix":["Sqft"],"fave_mls_id":["MFRA4130202"],"fave_office_name":["JENNETTE PROPERTIES, INC."],"fave_agent_name":["Margaret Young"],"fave_mls_status":["Active"],"_thumbnail_id":["43812"],"houzez_total_property_views":["180"],"houzez_views_by_date":["a:61:{s:10:\"03-08-2025\";i:1;s:10:\"03-14-2025\";i:1;s:10:\"03-27-2025\";i:1;s:10:\"04-07-2025\";i:1;s:10:\"04-15-2025\";i:1;s:10:\"04-20-2025\";i:1;s:10:\"04-22-2025\";i:1;s:10:\"05-10-2025\";i:1;s:10:\"05-18-2025\";i:1;s:10:\"05-25-2025\";i:1;s:10:\"05-30-2025\";i:1;s:10:\"06-03-2025\";i:1;s:10:\"06-23-2025\";i:1;s:10:\"06-27-2025\";i:1;s:10:\"07-04-2025\";i:1;s:10:\"07-20-2025\";i:1;s:10:\"07-28-2025\";i:1;s:10:\"07-31-2025\";i:2;s:10:\"08-02-2025\";i:1;s:10:\"08-09-2025\";i:1;s:10:\"08-18-2025\";i:1;s:10:\"08-21-2025\";i:1;s:10:\"08-29-2025\";i:1;s:10:\"09-10-2025\";i:1;s:10:\"09-12-2025\";i:1;s:10:\"09-18-2025\";i:1;s:10:\"09-29-2025\";i:1;s:10:\"10-03-2025\";i:1;s:10:\"10-10-2025\";i:1;s:10:\"10-16-2025\";i:1;s:10:\"10-23-2025\";i:1;s:10:\"10-31-2025\";i:1;s:10:\"11-05-2025\";i:1;s:10:\"11-15-2025\";i:1;s:10:\"12-05-2025\";i:1;s:10:\"12-12-2025\";i:1;s:10:\"12-18-2025\";i:1;s:10:\"12-19-2025\";i:1;s:10:\"12-28-2025\";i:1;s:10:\"01-05-2026\";i:1;s:10:\"01-13-2026\";i:1;s:10:\"01-14-2026\";i:1;s:10:\"01-22-2026\";i:2;s:10:\"01-23-2026\";i:1;s:10:\"01-24-2026\";i:1;s:10:\"01-26-2026\";i:2;s:10:\"01-27-2026\";i:2;s:10:\"01-28-2026\";i:1;s:10:\"01-29-2026\";i:1;s:10:\"02-05-2026\";i:1;s:10:\"02-15-2026\";i:1;s:10:\"02-25-2026\";i:1;s:10:\"03-03-2026\";i:1;s:10:\"03-10-2026\";i:1;s:10:\"03-12-2026\";i:1;s:10:\"03-20-2026\";i:1;s:10:\"03-31-2026\";i:1;s:10:\"04-05-2026\";i:1;s:10:\"04-12-2026\";i:1;s:10:\"04-18-2026\";i:1;s:10:\"04-29-2026\";i:2;}"],"houzez_recently_viewed":["2026-04-29 22:24:51"],"_edit_lock":["1724183455:1"],"_edit_last":["1"],"fave_property_map_street_view":["hide"],"fave_single_top_area":["global"],"fave_single_content_area":["global"],"_aioseo_title":[null],"_aioseo_description":[null],"_aioseo_keywords":[""],"_aioseo_og_title":[null],"_aioseo_og_description":[null],"_aioseo_og_article_section":[""],"_aioseo_og_article_tags":[""],"_aioseo_twitter_title":[null],"_aioseo_twitter_description":[null],"om_disable_all_campaigns":[""],"houzez_manual_expire":["0"],"_houzez_expiration_date_status":["saved"],"fave_property_images":["43812"],"_monsterinsights_sitenote_active":["0"]},"_links":{"self":[{"href":"https:\/\/formacampus.cl\/index.php?rest_route=\/wp\/v2\/properties\/42592"}],"collection":[{"href":"https:\/\/formacampus.cl\/index.php?rest_route=\/wp\/v2\/properties"}],"about":[{"href":"https:\/\/formacampus.cl\/index.php?rest_route=\/wp\/v2\/types\/property"}],"author":[{"embeddable":true,"href":"https:\/\/formacampus.cl\/index.php?rest_route=\/wp\/v2\/users\/1"}],"version-history":[{"count":6,"href":"https:\/\/formacampus.cl\/index.php?rest_route=\/wp\/v2\/properties\/42592\/revisions"}],"predecessor-version":[{"id":44511,"href":"https:\/\/formacampus.cl\/index.php?rest_route=\/wp\/v2\/properties\/42592\/revisions\/44511"}],"wp:featuredmedia":[{"embeddable":true,"href":"https:\/\/formacampus.cl\/index.php?rest_route=\/wp\/v2\/media\/43812"}],"wp:attachment":[{"href":"https:\/\/formacampus.cl\/index.php?rest_route=%2Fwp%2Fv2%2Fmedia&parent=42592"}],"wp:term":[{"taxonomy":"property_type","embeddable":true,"href":"https:\/\/formacampus.cl\/index.php?rest_route=%2Fwp%2Fv2%2Fproperty_type&post=42592"},{"taxonomy":"property_status","embeddable":true,"href":"https:\/\/formacampus.cl\/index.php?rest_route=%2Fwp%2Fv2%2Fproperty_status&post=42592"},{"taxonomy":"property_feature","embeddable":true,"href":"https:\/\/formacampus.cl\/index.php?rest_route=%2Fwp%2Fv2%2Fproperty_feature&post=42592"},{"taxonomy":"property_label","embeddable":true,"href":"https:\/\/formacampus.cl\/index.php?rest_route=%2Fwp%2Fv2%2Fproperty_label&post=42592"},{"taxonomy":"property_country","embeddable":true,"href":"https:\/\/formacampus.cl\/index.php?rest_route=%2Fwp%2Fv2%2Fproperty_country&post=42592"},{"taxonomy":"property_state","embeddable":true,"href":"https:\/\/formacampus.cl\/index.php?rest_route=%2Fwp%2Fv2%2Fproperty_state&post=42592"},{"taxonomy":"property_city","embeddable":true,"href":"https:\/\/formacampus.cl\/index.php?rest_route=%2Fwp%2Fv2%2Fproperty_city&post=42592"},{"taxonomy":"property_area","embeddable":true,"href":"https:\/\/formacampus.cl\/index.php?rest_route=%2Fwp%2Fv2%2Fproperty_area&post=42592"}],"curies":[{"name":"wp","href":"https:\/\/api.w.org\/{rel}","templated":true}]}}

PRESENTACIONES EN PÚBLICO

<h3 style="font-weight: 400;"><strong>Visión general / Objetivos</strong></h3>
<ul>
<li style="font-weight: 400;">Identificar los aspectos fundamentales relacionados con el desarrollo de presentaciones en público efectivas.</li>
<li style="font-weight: 400;">Conocer la estructura, técnicas y métodos para realizar presentaciones en público con un alto grado de profesionalidad.</li>
<li style="font-weight: 400;">Conocer los principales recursos audiovisuales y herramientas que nos sirven como elemento de apoyo a la hora de desarrollar presentaciones.</li>
<li style="font-weight: 400;">Conocer y desarrollar adecuadamente las principales competencias personales que nos ayudarán a realizar presentaciones de alto impacto.</li>
</ul>
<h3></h3>
<h3 style="font-weight: 400;"><strong>Programa o curriculum </strong></h3>
<p style="font-weight: 400;"><strong>&nbsp;</strong><strong>UD 1. Presentaciones en público: conceptos clavePrincipios para hacer presentaciones efectivas</strong><strong><br>
</strong>1.1. Claves para conseguir un discurso de alto impacto<br>
1.2. Errores más habituales a la hora de realizar presentaciones en público<br>
1.3. El miedo escénico</p>
<p style="font-weight: 400;"><strong>UD2. Planificación de una presentación en público</strong><strong><br>
</strong>2.1. El para qué de nuestra presentación: definiendo nuestro objetivo<br>
2.2. Check-list de la presentación<br>
2.3. Fases a la hora de desarrollar una presentación<br>
2.4. Aspectos clave en cada una de las fases de la presentación</p>
<p style="font-weight: 400;"><strong>UD3. Métodos y técnicas para conseguir presentaciones en público memorables</strong><strong><br>
</strong>3.1. El método BRAVO<br>
3.2. El método H.A.B.L.A<br>
3.3. Storytelling<br>
3.4. Otros recursos de alto impacto</p>
<p style="font-weight: 400;"><strong>UD4. Recursos audiovisuales para elaborar presentaciones en público</strong><strong><br>
</strong>4.1. Power point<br>
4.2. Prezi<br>
4.3. Canva<br>
4.4. Powtoon<br>
4.5. Emaze<br>
4.6. Keynote</p>
<p style="font-weight: 400;"><strong>UD5. Competencias para hacer presentaciones en público eficaces</strong><strong><br>
</strong>5.1. Comunicación verbal<br>
5.2. Comunicación no verbal<br>
5.3. Capacidad de persuasión<br>
5.4. Inteligencia emocional<br>
5.5. Creatividad</p>
<p style="font-weight: 400;"><strong>&nbsp;</strong></p>
<h3 style="font-weight: 400;"><strong>Metodología </strong></h3>
<p style="font-weight: 400;">La&nbsp;<strong>METODOLOGÍA ONLINE</strong>&nbsp;propuesta se ajusta a las características y necesidades de cada alumno/a, combinando las metodologías de&nbsp;<strong>enseñanza programada</strong>&nbsp;y de&nbsp;<strong>trabajo autónomo</strong>&nbsp;del alumnado con el&nbsp;<strong>asesoramiento &nbsp;de un Tutor académico </strong>mediante el uso de las nuevas tecnologías de la información y comunicación, creando un entorno de aprendizaje activo, próximo y colaborativo en el&nbsp;<strong>Campus Virtual</strong>.</p>
<ul>
<li style="font-weight: 400;"><strong>ENSEÑANZA PROGRAMADA:</strong>Persigue transmitir los conocimientos al alumnado sin la intervención directa de el/la formador/a, a través de la organización y estructuración de los contenidos de forma secuencial. La realización periódica de ejercicios y pruebas de autoevaluación permiten afianzar lo aprendido y corregir los posibles errores en el aprendizaje.</li>
<li style="font-weight: 400;"><strong>TRABAJO AUTÓNOMO:</strong>Sistema de trabajo donde el/la alumno/a asume la responsabilidad de su proceso de aprendizaje, adaptándolo a su ritmo de trabajo y a sus propias necesidades, lo que exige una mayor implicación por su parte.</li>
</ul>
<p style="font-weight: 400;">Las acciones formativas están diseñadas para propiciar el fomento de las habilidades, conocimientos y experiencias relevantes para el desarrollo profesional dentro del ámbito de la temática del curso.</p>
<p style="font-weight: 400;">El material didáctico objeto fundamental del proceso de enseñanza, será puesto a disposición del alumno en el Campus de manera ordenada y en los formatos más idóneos para ajustarlos a las especificaciones del curso. El alumno debe trabajarlos de manera autónoma dedicando un tiempo que dependerá de las necesidades individualizadas del alumno.</p>


<hr class="wp-block-separator has-alpha-channel-opacity"/>



<div class="is-layout-flex wp-block-buttons">
<div class="wp-block-button has-custom-width wp-block-button__width-50"><a class="wp-block-button__link has-background wp-element-button" href="https://www.sumar.cl/_asesoriasacademicas/ficha/17363" style="background-color:#0d4d73">Comprar curso</a></div>
</div>

<p>Visión general / Objetivos Identificar los aspectos fundamentales relacionados con el desarrollo de presentaciones en público efectivas. Conocer la estructura, técnicas y métodos para realizar presentaciones en público con un alto grado de profesionalidad. Conocer los principales recursos audiovisuales y herramientas que nos sirven como elemento de apoyo a la hora de desarrollar presentaciones. Conocer [&hellip;]</p>
