{"id":41946,"date":"2022-02-15T16:59:03","date_gmt":"2022-02-15T16:59:03","guid":{"rendered":"https:\/\/demo23.houzez.co\/property\/6655-pineview-ter-bradenton34203\/"},"modified":"2023-01-17T19:57:07","modified_gmt":"2023-01-17T19:57:07","slug":"aleman","status":"publish","type":"property","link":"https:\/\/formacampus.cl\/?property=aleman","title":{"rendered":"ALEMAN"},"content":{"rendered":"\n<p>Aprender idiomas es fundamental para nuestro futuro, no solo a nivel formativo, sino laboral. Entre los motivos que justifican este inter\u00e9s por los idiomas, el escenario global en el que nos movemos, la internacionalizaci\u00f3n empresarial y la creciente circulaci\u00f3n de trabajadores entre diferentes pa\u00edses.<\/p>\n\n\n\n<p>El alem\u00e1n es una lengua germ\u00e1nica occidental, idioma oficial de Alemania, es el segunda idioma germ\u00e1nico mas hablado despu\u00e9s del Ingles y dentro del la Uni\u00f3n Europea es el idioma que tiene mas hablantes nativos que cualquier otro. <\/p>\n\n\n\n<p><\/p>\n\n\n\n<p><\/p>\n\n\n\n<p>Cursos de Aleman <\/p>\n\n\n\n<div class=\"is-layout-flex wp-block-buttons\">\n<div class=\"wp-block-button has-custom-width wp-block-button__width-50\"><a class=\"wp-block-button__link has-white-color has-text-color has-background wp-element-button\" href=\"https:\/\/formacampus.cl\/?property=aleman-preparacion-de-examen-a1\" style=\"background-color:#0d4d73\">Preparaci\u00f3n de examen A1<\/a><\/div>\n<\/div>\n\n\n\n<hr class=\"wp-block-separator has-alpha-channel-opacity\"\/>\n\n\n\n<div class=\"is-layout-flex wp-block-buttons\">\n<div class=\"wp-block-button has-custom-width wp-block-button__width-50\"><a class=\"wp-block-button__link has-white-color has-text-color has-background wp-element-button\" href=\"https:\/\/formacampus.cl\/?property=aleman-preparacion-de-examen-a2-100-horas\" style=\"background-color:#0d4d73\">Preparaci\u00f3n de examen A2<\/a><\/div>\n<\/div>\n\n\n\n<hr class=\"wp-block-separator has-alpha-channel-opacity\"\/>\n\n\n\n<div class=\"is-layout-flex wp-block-buttons\">\n<div class=\"wp-block-button has-custom-width wp-block-button__width-50\"><a class=\"wp-block-button__link has-white-color has-text-color has-background wp-element-button\" href=\"https:\/\/formacampus.cl\/?property=aleman-preparacion-de-examen-b1-100-horas\" style=\"background-color:#0d4d73\">Preparaci\u00f3n de examen B1<\/a><\/div>\n<\/div>\n","protected":false},"excerpt":{"rendered":"<p>Aprender idiomas es fundamental para nuestro futuro, no solo a nivel formativo, sino laboral. Entre los motivos que justifican este inter\u00e9s por los idiomas, el escenario global en el que nos movemos, la internacionalizaci\u00f3n empresarial y la creciente circulaci\u00f3n de trabajadores entre diferentes pa\u00edses. El alem\u00e1n es una lengua germ\u00e1nica occidental, idioma oficial de Alemania, [&hellip;]<\/p>\n","protected":false},"author":1,"featured_media":43998,"parent":0,"menu_order":0,"template":"","property_type":[358],"property_status":[],"property_feature":[55,85,94,100,141,183,246,248,285,291,320,326,328,345],"property_label":[],"property_country":[],"property_state":[],"property_city":[42],"property_area":[115],"aioseo_notices":[],"property_meta":{"_realtyna_idx_item":["1"],"_realtyna_idx_item_time":["1644944418"],"_realtyna_idx_item_provider":["mlg_demo"],"_realtyna_idx_item_demo":["1"],"fave_currency":["USD"],"fave_currency_info":["",""],"fave_virtual_tour":["<iframe  src=\"https:\/\/www.propertypanorama.com\/instaview\/mfr\/A4148216\" frameborder=\"0\" allowfullscreen=\"allowfullscreen\"><\/iframe>"],"fave_agents":["156"],"fave_loggedintoview":["0"],"fave_property_map":["0"],"fave_property_country":["US"],"fave_featured":["0"],"fave_agent_display_option":["agent_info"],"fave_prop_homeslider":["no"],"fave_property_location":["27.44504,-82.476872,14"],"houzez_geolocation_lat":["27.44504","27.44504"],"houzez_geolocation_long":["-82.476872","-82.476872"],"fave_floor_plans_enable":["disable"],"fave_additional_features_enable":["disable"],"fave_multiunit_plans_enable":["disable"],"fave_living_size":["1346"],"fave_living_size_prefix":["Sqft"],"fave_mls_id":["MFRA4148216"],"fave_office_name":["Mapp Realty & Investment Co"],"fave_agent_name":["Paula Mapp"],"fave_mls_status":["Active"],"_thumbnail_id":["43998"],"_wxr_import_term":["a:3:{s:8:\"taxonomy\";s:16:\"property_feature\";s:4:\"slug\";s:29:\"living-room\/dining-room-combo\";s:4:\"name\";s:29:\"Living Room\/Dining Room Combo\";}"],"_edit_last":["1"],"_edit_lock":["1673985427:1"],"houzez_total_property_views":["169"],"houzez_views_by_date":["a:61:{s:10:\"02-08-2025\";i:1;s:10:\"02-15-2025\";i:1;s:10:\"02-22-2025\";i:1;s:10:\"02-24-2025\";i:1;s:10:\"02-25-2025\";i:1;s:10:\"03-05-2025\";i:1;s:10:\"03-14-2025\";i:2;s:10:\"03-16-2025\";i:1;s:10:\"03-21-2025\";i:1;s:10:\"03-27-2025\";i:1;s:10:\"04-04-2025\";i:1;s:10:\"04-10-2025\";i:1;s:10:\"04-12-2025\";i:1;s:10:\"04-21-2025\";i:2;s:10:\"04-29-2025\";i:1;s:10:\"05-01-2025\";i:1;s:10:\"05-16-2025\";i:1;s:10:\"05-25-2025\";i:1;s:10:\"05-30-2025\";i:1;s:10:\"06-03-2025\";i:1;s:10:\"06-11-2025\";i:1;s:10:\"06-25-2025\";i:1;s:10:\"07-05-2025\";i:1;s:10:\"07-15-2025\";i:1;s:10:\"07-20-2025\";i:1;s:10:\"07-28-2025\";i:1;s:10:\"08-02-2025\";i:1;s:10:\"08-07-2025\";i:1;s:10:\"08-20-2025\";i:1;s:10:\"08-26-2025\";i:1;s:10:\"09-12-2025\";i:1;s:10:\"09-15-2025\";i:1;s:10:\"09-26-2025\";i:1;s:10:\"10-03-2025\";i:1;s:10:\"10-10-2025\";i:1;s:10:\"10-16-2025\";i:1;s:10:\"10-25-2025\";i:1;s:10:\"11-04-2025\";i:1;s:10:\"11-11-2025\";i:1;s:10:\"11-19-2025\";i:1;s:10:\"12-06-2025\";i:1;s:10:\"12-18-2025\";i:1;s:10:\"12-30-2025\";i:1;s:10:\"01-10-2026\";i:1;s:10:\"01-13-2026\";i:1;s:10:\"01-21-2026\";i:1;s:10:\"01-24-2026\";i:1;s:10:\"01-26-2026\";i:2;s:10:\"01-29-2026\";i:1;s:10:\"02-05-2026\";i:1;s:10:\"02-15-2026\";i:1;s:10:\"02-26-2026\";i:1;s:10:\"03-05-2026\";i:1;s:10:\"03-12-2026\";i:1;s:10:\"03-20-2026\";i:1;s:10:\"03-27-2026\";i:1;s:10:\"04-01-2026\";i:1;s:10:\"04-02-2026\";i:1;s:10:\"04-10-2026\";i:1;s:10:\"04-16-2026\";i:1;s:10:\"04-29-2026\";i:3;}"],"houzez_recently_viewed":["2026-04-29 22:16:43"],"fave_property_map_street_view":["hide"],"fave_single_top_area":["global"],"fave_single_content_area":["global"],"_aioseo_title":[null],"_aioseo_description":[null],"_aioseo_keywords":[""],"_aioseo_og_title":[null],"_aioseo_og_description":[null],"_aioseo_og_article_section":[""],"_aioseo_og_article_tags":[""],"_aioseo_twitter_title":[null],"_aioseo_twitter_description":[null],"om_disable_all_campaigns":[""],"houzez_manual_expire":["0"],"_houzez_expiration_date_status":["saved"],"fave_property_images":["43998"],"rs_page_bg_color":[""]},"_links":{"self":[{"href":"https:\/\/formacampus.cl\/index.php?rest_route=\/wp\/v2\/properties\/41946"}],"collection":[{"href":"https:\/\/formacampus.cl\/index.php?rest_route=\/wp\/v2\/properties"}],"about":[{"href":"https:\/\/formacampus.cl\/index.php?rest_route=\/wp\/v2\/types\/property"}],"author":[{"embeddable":true,"href":"https:\/\/formacampus.cl\/index.php?rest_route=\/wp\/v2\/users\/1"}],"version-history":[{"count":11,"href":"https:\/\/formacampus.cl\/index.php?rest_route=\/wp\/v2\/properties\/41946\/revisions"}],"predecessor-version":[{"id":44448,"href":"https:\/\/formacampus.cl\/index.php?rest_route=\/wp\/v2\/properties\/41946\/revisions\/44448"}],"wp:featuredmedia":[{"embeddable":true,"href":"https:\/\/formacampus.cl\/index.php?rest_route=\/wp\/v2\/media\/43998"}],"wp:attachment":[{"href":"https:\/\/formacampus.cl\/index.php?rest_route=%2Fwp%2Fv2%2Fmedia&parent=41946"}],"wp:term":[{"taxonomy":"property_type","embeddable":true,"href":"https:\/\/formacampus.cl\/index.php?rest_route=%2Fwp%2Fv2%2Fproperty_type&post=41946"},{"taxonomy":"property_status","embeddable":true,"href":"https:\/\/formacampus.cl\/index.php?rest_route=%2Fwp%2Fv2%2Fproperty_status&post=41946"},{"taxonomy":"property_feature","embeddable":true,"href":"https:\/\/formacampus.cl\/index.php?rest_route=%2Fwp%2Fv2%2Fproperty_feature&post=41946"},{"taxonomy":"property_label","embeddable":true,"href":"https:\/\/formacampus.cl\/index.php?rest_route=%2Fwp%2Fv2%2Fproperty_label&post=41946"},{"taxonomy":"property_country","embeddable":true,"href":"https:\/\/formacampus.cl\/index.php?rest_route=%2Fwp%2Fv2%2Fproperty_country&post=41946"},{"taxonomy":"property_state","embeddable":true,"href":"https:\/\/formacampus.cl\/index.php?rest_route=%2Fwp%2Fv2%2Fproperty_state&post=41946"},{"taxonomy":"property_city","embeddable":true,"href":"https:\/\/formacampus.cl\/index.php?rest_route=%2Fwp%2Fv2%2Fproperty_city&post=41946"},{"taxonomy":"property_area","embeddable":true,"href":"https:\/\/formacampus.cl\/index.php?rest_route=%2Fwp%2Fv2%2Fproperty_area&post=41946"}],"curies":[{"name":"wp","href":"https:\/\/api.w.org\/{rel}","templated":true}]}}

<p>Aprender idiomas es fundamental para nuestro futuro, no solo a nivel formativo, sino laboral. Entre los motivos que justifican este interés por los idiomas, el escenario global en el que nos movemos, la internacionalización empresarial y la creciente circulación de trabajadores entre diferentes países.</p>



<p>El alemán es una lengua germánica occidental, idioma oficial de Alemania, es el segunda idioma germánico mas hablado después del Ingles y dentro del la Unión Europea es el idioma que tiene mas hablantes nativos que cualquier otro. </p>



<p></p>



<p></p>



<p>Cursos de Aleman </p>



<div class="is-layout-flex wp-block-buttons">
<div class="wp-block-button has-custom-width wp-block-button__width-50"><a class="wp-block-button__link has-white-color has-text-color has-background wp-element-button" href="https://formacampus.cl/?property=aleman-preparacion-de-examen-a1" style="background-color:#0d4d73">Preparación de examen A1</a></div>
</div>



<hr class="wp-block-separator has-alpha-channel-opacity"/>



<div class="is-layout-flex wp-block-buttons">
<div class="wp-block-button has-custom-width wp-block-button__width-50"><a class="wp-block-button__link has-white-color has-text-color has-background wp-element-button" href="https://formacampus.cl/?property=aleman-preparacion-de-examen-a2-100-horas" style="background-color:#0d4d73">Preparación de examen A2</a></div>
</div>



<hr class="wp-block-separator has-alpha-channel-opacity"/>



<div class="is-layout-flex wp-block-buttons">
<div class="wp-block-button has-custom-width wp-block-button__width-50"><a class="wp-block-button__link has-white-color has-text-color has-background wp-element-button" href="https://formacampus.cl/?property=aleman-preparacion-de-examen-b1-100-horas" style="background-color:#0d4d73">Preparación de examen B1</a></div>
</div>

<p>Aprender idiomas es fundamental para nuestro futuro, no solo a nivel formativo, sino laboral. Entre los motivos que justifican este interés por los idiomas, el escenario global en el que nos movemos, la internacionalización empresarial y la creciente circulación de trabajadores entre diferentes países. El alemán es una lengua germánica occidental, idioma oficial de Alemania, [&hellip;]</p>
